{"id":4663,"date":"2016-10-13T12:47:02","date_gmt":"2016-10-13T12:47:02","guid":{"rendered":"http:\/\/www.retro-games.hu\/?page_id=4663"},"modified":"2018-08-30T14:57:48","modified_gmt":"2018-08-30T14:57:48","slug":"adatvedelmi-es-adatkezelesi-szabalyzat","status":"publish","type":"page","link":"https:\/\/www.retro-games.hu\/index.php\/adatvedelmi-es-adatkezelesi-szabalyzat\/","title":{"rendered":"Adatv\u00e9delmi \u00e9s adatkezel\u00e9si szab\u00e1lyzat"},"content":{"rendered":"<p style=\"text-align: center;\"><strong>A <\/strong><a href=\"https:\/\/www.retro-games.hu\/\"><strong>retro-games.hu<\/strong><\/a><strong> web\u00e1ruh\u00e1z\u00a0adatv\u00e9delmi szab\u00e1lyzata<\/strong><\/p>\n<p style=\"text-align: left;\"><strong>Utols\u00f3 friss\u00edt\u00e9s d\u00e1tuma: 2018. j\u00fanius 18.<br \/>\nHat\u00e1ly: Az utols\u00f3 friss\u00edt\u00e9s d\u00e1tum\u00e1t\u00f3l visszavon\u00e1sig<br \/>\n<\/strong><\/p>\n<p><strong><br \/>\n<\/strong><strong>Bevezet\u0151<\/strong><\/p>\n<p>V\u00e1llalkoz\u00e1sunk felel\u0151s v\u00e1llalkoz\u00e1sk\u00e9nt kiemelt figyelmet ford\u00edt az adatbiztons\u00e1g k\u00e9rd\u00e9s\u00e9re. Web\u00e1ruh\u00e1zunk \u00fczemeltet\u00e9se sor\u00e1n minden t\u0151l\u00fcnk telhet\u0151t megtesz\u00fcnk, hogy szem\u00e9lyes adatai biztons\u00e1gban legyenek n\u00e1lunk arra az id\u0151re, ameddig azt rendel\u00e9se teljes\u00edt\u00e9se, illetve a p\u00e9nz\u00fcgyi bizonylatok meg\u0151rz\u00e9s\u00e9re vonatkoz\u00f3 jogszab\u00e1lyok megk\u00f6vetelik. (Ezen id\u0151tartamok pontos hossz\u00e1t a k\u00e9s\u0151bbiekben r\u00e9szletezz\u00fck.)<\/p>\n<p>A szab\u00e1lyzat a <a href=\"https:\/\/www.retro-games.hu\">https:\/\/www.retro-games.hu<\/a> oldalon \u00a0m\u0171k\u00f6d\u0151 web\u00e1ruh\u00e1zunkra, illetve ahhoz kapcsol\u00f3d\u00f3an c\u00e9g\u00fcnk \u00e1ltal\u00e1nos \u00fcgyf\u00e9l adatkezel\u00e9seire vonatkozik. Ezen adatkezel\u00e9si t\u00e1j\u00e9koztat\u00f3 \u00e9s adatv\u00e9delmi szab\u00e1lyzat aktualiz\u00e1lt, \u00e9rv\u00e9nyben l\u00e9v\u0151 v\u00e1ltozat\u00e1t mindig meg tudja tekinteni web\u00e1ruh\u00e1zunk <a href=\"https:\/\/www.retro-games.hu\/index.php\/jogi-tajekoztatas\/\">Adatv\u00e9delem, \u00c1SZF<\/a> men\u00fcpontj\u00e1ra kattintva.<\/p>\n<p>Adatainak megad\u00e1sakor (a regisztr\u00e1ci\u00f3s folyamat sor\u00e1n, illetve v\u00e1s\u00e1rl\u00e1skor fizet\u00e9s eset\u00e9n) egy r\u00f6vid \u00fczenet figyelmezteti arra, hogy adatai kezel\u00e9sre ker\u00fclnek, \u00e9s azokra a hivatkoz\u00e1son megtekinthet\u0151 m\u00f3don ker\u00fcl sor. A rendel\u00e9s v\u00e9g\u00e9n megjelen\u0151 jel\u00f6l\u0151n\u00e9gyzet bejel\u00f6l\u00e9s\u00e9vel \u00d6n kijelenti, hogy az Adatv\u00e9delmi szab\u00e1lyzatot megismerte, meg\u00e9rtette, es hozz\u00e1j\u00e1rul adatai adott m\u00f3don \u00e9s c\u00e9llal t\u00f6rt\u00e9n\u0151 kezel\u00e9s\u00e9hez.<\/p>\n<p>&nbsp;<\/p>\n<p><strong>Ki a szolg\u00e1ltat\u00f3, azaz ki kezeli az adatokat?<\/strong><\/p>\n<p>Amikor \u00d6n web\u00e1ruh\u00e1zunkban v\u00e1s\u00e1rol, bizonyos szem\u00e9lyes adatait is \u00e1tadja a retro-games.hu web\u00e1ruh\u00e1zat \u00fczemeltet\u0151 Bonyai \u00e9s Balogh Online Kft-nek (tov\u00e1bbiakban: Adatkezel\u0151), \u00edgy szem\u00e9lyes adatai adatkezel\u0151j\u00e9nek min\u0151s\u00fcl\u00fcnk.<\/p>\n<p>Az Adatkezel\u0151 adatai:<\/p>\n<p>C\u00e9gn\u00e9v: \u00a0\u00a0\u00a0\u00a0\u00a0\u00a0\u00a0\u00a0\u00a0\u00a0\u00a0\u00a0\u00a0\u00a0\u00a0\u00a0\u00a0\u00a0\u00a0\u00a0\u00a0\u00a0\u00a0\u00a0\u00a0\u00a0\u00a0 Bonyai \u00e9s Balogh Online Kft.<br \/>\nSz\u00e9khely, iroda:\u00a0\u00a0\u00a0\u00a0\u00a0\u00a0\u00a0\u00a0\u00a0\u00a0\u00a0\u00a0\u00a0 1016 Budapest, Alad\u00e1r u. 19. V\/2.<br \/>\nAd\u00f3sz\u00e1m: \u00a0\u00a0\u00a0\u00a0\u00a0\u00a0\u00a0\u00a0\u00a0\u00a0\u00a0\u00a0\u00a0\u00a0\u00a0\u00a0\u00a0\u00a0\u00a0\u00a0\u00a0\u00a0\u00a0 23827459-1-41<br \/>\nC\u00e9gjegyz\u00e9ksz\u00e1m: \u00a0\u00a0\u00a0\u00a0\u00a0\u00a0\u00a0\u00a0\u00a0\u00a0 01-09-980070<br \/>\nTelefonsz\u00e1m:\u00a0\u00a0\u00a0\u00a0\u00a0\u00a0\u00a0\u00a0\u00a0\u00a0\u00a0\u00a0\u00a0\u00a0\u00a0\u00a0\u00a0 +36 1\u00a0781 3578<br \/>\nWeboldal:\u00a0\u00a0\u00a0\u00a0\u00a0\u00a0\u00a0\u00a0\u00a0\u00a0\u00a0\u00a0\u00a0\u00a0\u00a0\u00a0\u00a0\u00a0\u00a0\u00a0\u00a0\u00a0\u00a0 <a href=\"https:\/\/www.retro-games.hu\/\">https:\/\/www.retro-games.hu\/<\/a><br \/>\nE-mail c\u00edm: \u00a0\u00a0\u00a0\u00a0\u00a0\u00a0\u00a0\u00a0\u00a0\u00a0\u00a0\u00a0\u00a0\u00a0\u00a0\u00a0\u00a0\u00a0\u00a0\u00a0\u00a0 <a href=\"mailto:bbnetltd@gmail.com\">bbnetltd@gmail.com<\/a><br \/>\nNAIH azonos\u00edt\u00f3.\u00a0\u00a0\u00a0\u00a0\u00a0\u00a0\u00a0\u00a0\u00a0\u00a0\u00a0\u00a0 NAIH-69946\/2013<\/p>\n<p>&nbsp;<\/p>\n<p><strong>Az adatkezel\u00e9s jogszab\u00e1lyi h\u00e1ttere<\/strong><\/p>\n<p>Az \u00d6n adatainak kezel\u00e9se az al\u00e1bbi jogszab\u00e1lyokban megfogalmazott el\u0151\u00edr\u00e1soknak megfelel\u0151en zajlik:<\/p>\n<ul>\n<li>Az inform\u00e1ci\u00f3s \u00f6nrendelkez\u00e9si jogr\u00f3l \u00e9s az inform\u00e1ci\u00f3szabads\u00e1gr\u00f3l sz\u00f3l\u00f3 2011. \u00e9vi CXII. t\u00f6rv\u00e9ny (r\u00f6vid\u00edtve \u00e9s a tov\u00e1bbiakban Infotv.), mely <a href=\"http:\/\/njt.hu\/cgi_bin\/njt_doc.cgi?docid=139257.338504\">itt<\/a> olvashat\u00f3 el.<\/li>\n<li>AZ EUR\u00d3PAI PARLAMENT \u00c9S A TAN\u00c1CS (EU) 2016\/679 RENDELETE\u00a0 (2016. \u00e1prilis 27.)<br \/>\na term\u00e9szetes szem\u00e9lyeknek a szem\u00e9lyes adatok kezel\u00e9se tekintet\u00e9ben t\u00f6rt\u00e9n\u0151 v\u00e9delm\u00e9r\u0151l \u00e9s az ilyen adatok szabad \u00e1raml\u00e1s\u00e1r\u00f3l, valamint a 95\/46\/EK rendelet hat\u00e1lyon k\u00edv\u00fcl helyez\u00e9s\u00e9r\u0151l (<a href=\"https:\/\/eur-lex.europa.eu\/legal-content\/HU\/TXT\/PDF\/?uri=CELEX:32016R0679&amp;from=HU\">\u00e1ltal\u00e1nos adatv\u00e9delmi rendelet<\/a>, azaz az \u00fan. \u201eGDPR\u201d<\/li>\n<li>Az elektronikus kereskedelmi szolg\u00e1ltat\u00e1sok, valamint az inform\u00e1ci\u00f3s t\u00e1rsadalommal \u00f6sszef\u00fcgg\u0151 szolg\u00e1ltat\u00e1sok egyes k\u00e9rd\u00e9seir\u0151l sz\u00f3l\u00f3 2001. \u00e9vi CVIII. t\u00f6rv\u00e9ny (Ektv.), mely <a href=\"http:\/\/njt.hu\/cgi_bin\/njt_doc.cgi?docid=57566.346225\">itt<\/a> olvashat\u00f3 el<\/li>\n<li>Nemzeti Adatv\u00e9delmi \u00e9s Inform\u00e1ci\u00f3szabads\u00e1g Hat\u00f3s\u00e1g\u00e1nak \u00e1ll\u00e1sfoglal\u00e1sai \u00e9s aj\u00e1nl\u00e1sai, melyek a hat\u00f3s\u00e1g <a href=\"http:\/\/naih.hu\/\">honlapj\u00e1n<\/a> \u00e9rhet\u0151k el<\/li>\n<li><\/li>\n<\/ul>\n<p><strong>Milyen szem\u00e9lyes adatokat kezel\u00fcnk \u00e9s milyen c\u00e9lra?<\/strong><\/p>\n<p>Adatkezel\u00e9s\u00fcnk els\u0151dleges c\u00e9lja v\u00e1s\u00e1rl\u00f3ink megrendel\u00e9seinek \u00e9s az ehhez kapcsol\u00f3d\u00f3 garanci\u00e1lis k\u00f6teless\u00e9geink teljes\u00edt\u00e9se.<\/p>\n<p>Honlapunkat \u00fagy \u00fczemeltetj\u00fck \u00e9s m\u0171k\u00f6d\u00e9s\u00fcnket \u00fagy szervezz\u00fck, hogy szem\u00e9lyes adatait csak a szolg\u00e1ltat\u00e1sunk ny\u00fajt\u00e1s\u00e1hoz felt\u00e9tlen\u00fcl sz\u00fcks\u00e9ges k\u00f6rben \u00e9s m\u00e9rt\u00e9kben, valamint a felt\u00e9tlen\u00fcl sz\u00fcks\u00e9ges ideig kezelj\u00fck az adatkezel\u00e9s t\u0151l\u00fcnk elv\u00e1rhat\u00f3 legnagyobb biztons\u00e1g\u00e1val.\u00a0 Adatv\u00e9delmi t\u00e1j\u00e9koztat\u00f3nk m\u00f3dos\u00edt\u00e1s\u00e1nak a jog\u00e1t fenntartjuk, ugyanakkor k\u00f6telezetts\u00e9get v\u00e1llalunk arra, hogy minden m\u00f3dos\u00edt\u00e1sr\u00f3l id\u0151ben t\u00e1j\u00e9koztatjuk l\u00e1togat\u00f3inkat.<\/p>\n<table>\n<tbody>\n<tr>\n<td width=\"376\">N\u00e9v, c\u00edm mag\u00e1nszem\u00e9lyekn\u00e9l<\/td>\n<td width=\"376\">sz\u00e1ml\u00e1z\u00e1shoz sz\u00fcks\u00e9ges<\/td>\n<\/tr>\n<tr>\n<td width=\"376\">N\u00e9v, c\u00edm, e-mail c\u00edm, telefonsz\u00e1m<\/td>\n<td width=\"376\">a rendel\u00e9sek teljes\u00edt\u00e9s\u00e9hez \u00e9s<br \/>\na kapcsolattart\u00e1shoz sz\u00fcks\u00e9ges<\/td>\n<\/tr>\n<tr>\n<td width=\"376\">IP-c\u00edm<\/td>\n<td width=\"376\">biztons\u00e1gi okokb\u00f3l t\u00f6rt\u00e9n\u0151 adatkezel\u00e9s<\/td>\n<\/tr>\n<\/tbody>\n<\/table>\n<p>&nbsp;<\/p>\n<p><strong>Adattov\u00e1bb\u00edt\u00e1s, adatfeldolgoz\u00e1s<\/strong><\/p>\n<p>Az Adatkezel\u0151 jogszab\u00e1lyi \u00e9s szerz\u0151d\u00e9ses k\u00f6telezetts\u00e9geinek teljes\u00edt\u00e9se \u00e9rdek\u00e9ben, illet\u0151leg \u00fczleti jogos \u00e9rdekb\u0151l az al\u00e1bbi szerz\u0151d\u00e9ses kapcsolatban \u00e1ll\u00f3 adatfeldolgoz\u00f3knak tov\u00e1bb\u00edt szem\u00e9lyes adatokat.<\/p>\n<p>Megjegyz\u00e9s: Az adatok felv\u00e9tele, feldolgoz\u00e1sa \u00e9s tov\u00e1bb\u00edt\u00e1sa sor\u00e1n g\u00e9pi (r\u00e9szben automatiz\u00e1lt) feldolgoz\u00e1s t\u00f6rt\u00e9nik, automatikus d\u00f6nt\u00e9shozatal nincs, \u00e9s k\u00fclf\u00f6ldre sem tov\u00e1bb\u00edtunk adatokat.<\/p>\n<table width=\"100%\">\n<tbody>\n<tr>\n<td width=\"15%\"><strong>N\u00e9v<\/strong><\/td>\n<td width=\"29%\"><strong>C\u00edm<\/strong><\/td>\n<td width=\"22%\"><strong>Tev\u00e9kenys\u00e9g<\/strong><\/td>\n<td width=\"31%\"><strong>\u00c1tadott adatok k\u00f6re<\/strong><\/td>\n<\/tr>\n<tr>\n<td width=\"15%\">Pondera-Audit Kft.<\/td>\n<td width=\"29%\">1016 Budapest, M\u00e9sz\u00e1ros utca 18.<\/td>\n<td width=\"22%\">k\u00f6nyvel\u00e9s<\/td>\n<td width=\"31%\">n\u00e9v, c\u00edm (a sz\u00e1ml\u00e1kon szerepl\u0151)<\/td>\n<\/tr>\n<tr>\n<td width=\"15%\">Pannon Site Kft.<\/td>\n<td width=\"29%\">1091 Budapest, Ifj\u00famunk\u00e1s utca 14\/2.<\/td>\n<td width=\"22%\">t\u00e1rhelyszolg\u00e1ltat\u00e1s<\/td>\n<td width=\"31%\">\u00f6sszes online kezelt adat<\/td>\n<\/tr>\n<tr>\n<td width=\"15%\">Magyar Posta Zrt.<\/td>\n<td width=\"29%\">1138 Budapest Dunavir\u00e1g utca 2-6.<\/td>\n<td width=\"22%\">sz\u00e1ll\u00edt\u00e1s, fut\u00e1rszolg\u00e1lat<\/td>\n<td width=\"31%\">sz\u00e1ll\u00edt\u00e1si n\u00e9v, sz\u00e1ll\u00edt\u00e1si c\u00edm, telefonsz\u00e1m, e-mail c\u00edm<\/td>\n<\/tr>\n<tr>\n<td width=\"15%\">Foxpost Zrt.<\/td>\n<td width=\"29%\">Magyarorsz\u00e1g, 3200 Gy\u00f6ngy\u00f6s, Bats\u00e1nyi utca 9.<\/td>\n<td width=\"22%\">sz\u00e1ll\u00edt\u00e1s, fut\u00e1rszolg\u00e1lat<\/td>\n<td width=\"31%\">sz\u00e1ll\u00edt\u00e1si n\u00e9v, sz\u00e1ll\u00edt\u00e1si c\u00edm, telefonsz\u00e1m, e-mail c\u00edm<\/td>\n<\/tr>\n<tr>\n<td width=\"15%\">PayPal, Inc.<\/td>\n<td width=\"29%\">2211 North First Street,San Jose, California 95131,USA<\/td>\n<td width=\"22%\">p\u00e9nz\u00fcgyi szolg\u00e1ltat\u00f3<\/td>\n<td width=\"31%\">sz\u00e1ll\u00edt\u00e1si n\u00e9v, sz\u00e1ll\u00edt\u00e1si c\u00edm<\/td>\n<\/tr>\n<\/tbody>\n<\/table>\n<p>&nbsp;<\/p>\n<p><strong>Az adatkezel\u00e9s jogalapja, az adatt\u00e1rol\u00e1s \u00e9s adatkezel\u00e9s id\u0151tartama \u00e9s m\u00f3dja<\/strong><\/p>\n<p>Az Adatkezel\u0151 \u00e1ltal az online fel\u00fcleten bek\u00e9rt, illet\u0151leg a szem\u00e9lyesen vagy telefonon leadott szem\u00e9lyes adatokat, ha jogszab\u00e1lyon alapulnak (ilyen p\u00e9ld\u00e1ul a sz\u00e1ml\u00e1k ki\u00e1ll\u00edt\u00e1s\u00e1hoz sz\u00fcks\u00e9ges adatok megad\u00e1sa), term\u00e9keink megv\u00e1s\u00e1rl\u00e1s\u00e1hoz k\u00f6telez\u0151 az \u00fcgyf\u00e9lnek megadni, ennek hi\u00e1ny\u00e1ban nem tudunk vele kapcsolatot l\u00e9tes\u00edteni, illet\u0151leg fenntartani.<\/p>\n<p>L\u00e1togat\u00f3inknak szint\u00e9n lehet\u0151s\u00e9ge van e-mail k\u00fcld\u00e9s\u00e9re \u00e9s telefonon is kereshetnek minket. A megrendel\u00e9seinkhez, szerz\u0151d\u00e9seinkhez nem kapcsol\u00f3d\u00f3 \u00fczeneteket 30 nap ut\u00e1n t\u00f6r\u00f6lj\u00fck. De fel\u00e9nk jelzett ig\u00e9ny eset\u00e9n, a t\u00f6rl\u00e9si k\u00e9relem be\u00e9rkez\u00e9s ut\u00e1n halad\u00e9ktalanul. Telefonsz\u00e1mokat, e-e-mail c\u00edmeket \u00e9s egy\u00e9b el\u00e9rhet\u0151s\u00e9geket csak megrendel\u00e9sekhez kapcsol\u00f3d\u00f3an ment\u00fcnk el (melynek jogalapja a megrendel\u00e9s teljes\u00edt\u00e9se), egy\u00e9bk\u00e9nt nem list\u00e1zunk, nem ment\u00fcnk \u00e9s \u0151rz\u00fcnk meg.<\/p>\n<p>A felhaszn\u00e1l\u00f3k egyedi el\u00e9r\u00e9s\u00e9re alkalmas adatokat (p\u00e9ld\u00e1ul e-mail c\u00edmeket) kiz\u00e1r\u00f3lag a felhaszn\u00e1l\u00f3 \u00e1ltal el\u0151zetesen j\u00f3v\u00e1hagyott c\u00e9lra vessz\u00fck ig\u00e9nybe, azokat a felhaszn\u00e1l\u00f3 el\u0151zetes \u00edr\u00e1sbeli enged\u00e9lye n\u00e9lk\u00fcl &#8211; a t\u00f6rv\u00e9nyben el\u0151\u00edrt kiv\u00e9telekt\u0151l eltekintve &#8211; harmadik f\u00e9l r\u00e9sz\u00e9re semmilyen k\u00f6r\u00fclm\u00e9nyek k\u00f6z\u00f6tt nem adjuk \u00e1t, nem \u00e9rt\u00e9kes\u00edt\u00fcnk, \u00e9s csak adatv\u00e9delmi szempontb\u00f3l biztons\u00e1gos adatfeldolgoz\u00f3knak tov\u00e1bb\u00edtunk.<\/p>\n<p>Szem\u00e9lyes adatokat adatkezel\u0151k\u00e9nt jellemz\u0151en az \u00e9rintett\u0151l szerz\u00fcnk meg. Amennyiben a megrendel\u0151 sz\u00e1ll\u00edt\u00e1si c\u00edmk\u00e9nt \u00e9s kapcsolattart\u00f3k\u00e9nt, vagy egy\u00e9b adatszolg\u00e1ltat\u00e1s sor\u00e1n nem saj\u00e1t mag\u00e1t adja meg, felel\u0151ss\u00e9get v\u00e1llal a megadott adatok pontoss\u00e1g\u00e1\u00e9rt \u00e9s az adatk\u00f6zl\u00e9s jogszer\u0171s\u00e9g\u00e9\u00e9rt (azaz az\u00e9rt, hogy a megadott szem\u00e9ly tud a sz\u00e1ll\u00edt\u00e1si kapcsolattart\u00f3k\u00e9nt val\u00f3 megjel\u00f6l\u00e9s\u00e9r\u0151l \u00e9s elfogadja azt).<\/p>\n<p>Amennyiben b\u00e1rmely \u00e9rintett azt \u00e9szleli, hogy nev\u00e9ben b\u00e1rki szem\u00e9lyes adatot szolg\u00e1ltatott ki r\u00e9sz\u00fcnkre, halad\u00e9ktalanul \u00e9rtes\u00edtse az Adatkezel\u0151t e k\u00f6r\u00fclm\u00e9nyr\u0151l, \u00e9s adatait halad\u00e9ktalanul t\u00f6r\u00f6lj\u00fck.<\/p>\n<p>Az adatokat a k\u00f6vetkez\u0151 m\u00f3dokon t\u00e1roljuk:<\/p>\n<p>1) 8 \u00e9vig meg\u0151rizz\u00fck az \u00e1ltalunk ki\u00e1ll\u00edtott vagy kifizetett sz\u00e1ml\u00e1kat elektronikus \u00e9s pap\u00edr alapon egyar\u00e1nt, mely k\u00f6telezetts\u00e9get a Sz\u00e1mviteli t\u00f6rv\u00e9ny (2000. \u00e9vi C t\u00f6rv\u00e9ny a sz\u00e1mvitelr\u0151l) 169. \u00a7. 1 bekezd\u00e9se \u00edrja el\u0151.<\/p>\n<p>2) 30 napig meg\u0151rizz\u00fck a leadott megrendel\u00e9seket, illet\u0151leg az ezekhez kapcsol\u00f3d\u00f3 levelez\u00e9seket \u00e9s egy\u00e9b dokumentumokat elektronikus form\u00e1ban.<\/p>\n<p>Az online gy\u0171jt\u00f6tt adatokat kiz\u00e1r\u00f3lag t\u00e1rhelyszolg\u00e1ltat\u00f3nk Magyarorsz\u00e1gon elhelyezett szerver\u00e9n \u0151rizz\u00fck.<\/p>\n<p>A pap\u00edr alapon t\u00e1rolt szem\u00e9lyes adatokat elz\u00e1rtan \u0151rizz\u00fck, \u0151rz\u00e9si idej\u00fck lej\u00e1rta ut\u00e1n megsemmis\u00edtj\u00fck, oly m\u00f3don, hogy abb\u00f3l szem\u00e9lyes adat ne legyen rekonstru\u00e1lhat\u00f3. A digit\u00e1lisan t\u00e1rolt adatokat szint\u00e9n v\u00e9glegesen t\u00f6r\u00f6lj\u00fck.<\/p>\n<p>&nbsp;<\/p>\n<p><strong>S\u00fctik<\/strong><\/p>\n<p>Oldalaink automatikusan regisztr\u00e1lhatj\u00e1k felhaszn\u00e1l\u00f3ink IP-c\u00edm\u00e9t, az \u00e1ltaluk haszn\u00e1lt oper\u00e1ci\u00f3s rendszer \u00e9s b\u00f6ng\u00e9sz\u0151program t\u00edpus\u00e1t \u00e9s m\u00e1s nem szem\u00e9lyes jelleg\u0171 inform\u00e1ci\u00f3t. Ezeket az inform\u00e1ci\u00f3kat kiz\u00e1r\u00f3lag \u00f6sszes\u00edtett \u00e9s feldolgozott form\u00e1ban hasznos\u00edtjuk, oldalaink esetleges hib\u00e1inak kijav\u00edt\u00e1sa, min\u0151s\u00e9g\u00fck jav\u00edt\u00e1sa \u00e9rdek\u00e9ben \u00e9s statisztikai c\u00e9lokra. Az adatokat a felhaszn\u00e1l\u00f3k \u00e1ltal megadott egy\u00e9b adatokkal semmilyen form\u00e1ban nem kapcsoljuk \u00f6ssze.<\/p>\n<p>Egyes oldalaink egyedi azonos\u00edt\u00f3t, \u00fagynevezett cookie-t helyezhetneknek el felhaszn\u00e1l\u00f3ink sz\u00e1m\u00edt\u00f3g\u00e9p\u00e9n.<\/p>\n<p>Ezek olyan s\u00fctik, egyr\u00e9szt olyan s\u00fctik, melyek sz\u00fcks\u00e9gesek a honlap m\u0171k\u00f6d\u00e9s\u00e9hez, \u00edgy csak tudom\u00e1sul v\u00e9tel\u00fck, de elfogad\u00e1suk nem sz\u00fcks\u00e9ges. Ezeket nem dolgozzuk fel, nem tov\u00e1bb\u00edtjuk.<\/p>\n<p>A rendszer folyamatosan napl\u00f3zza a l\u00e1togat\u00f3k IP-c\u00edmeit a szolg\u00e1ltat\u00f3 jogos \u00e9rdekei miatt, ezek a napl\u00f3f\u00e1jlok regisztr\u00e1ci\u00f3t\u00f3l f\u00fcggetlen\u00fcl automatikusan t\u00f6rl\u0151dnek.<\/p>\n<p>A s\u00fctik \u00e1ltal t\u00e1rolt adatok maximum hat h\u00f3napig ker\u00fclnek meg\u0151rz\u00e9sre.<\/p>\n<p>T\u00f6r\u00f6lni is tudja a sz\u00e1m\u00edt\u00f3g\u00e9p\u00e9n t\u00e1rolt \u00f6sszes s\u00fctit, \u00e9s a b\u00f6ng\u00e9sz\u0151programok t\u00f6bbs\u00e9g\u00e9ben le tudja tiltani a telep\u00edt\u00e9s\u00fcket. Ebben az esetben azonban el\u0151fordulhat, hogy minden alkalommal, amikor ell\u00e1togat egy adott oldalra, manu\u00e1lisan el kell v\u00e9geznie egyes be\u00e1ll\u00edt\u00e1sokat, \u00e9s sz\u00e1molnia kell azzal is, hogy bizonyos szolg\u00e1ltat\u00e1sok \u00e9s funkci\u00f3k esetleg nem m\u0171k\u00f6dnek.<\/p>\n<p>Ha ki akarja kapcsolni a s\u00fctik haszn\u00e1lat\u00e1t, v\u00e1lassza ki a b\u00f6ng\u00e9sz\u0151j\u00e9t a megfelel\u0151 ikonra kattintva:<\/p>\n<ul>\n<li><a href=\"https:\/\/support.google.com\/accounts\/answer\/61416\">Chrome<\/a><\/li>\n<li><a href=\"https:\/\/support.mozilla.org\/hu\/kb\/sutik-engedelyezese-es-tiltasa-amit-weboldak-haszn\">Firefox<\/a><\/li>\n<li><a href=\"https:\/\/windows.microsoft.com\/hu-HU\/internet-explorer\/delete-manage-cookies\">Edge \/ Internet Explorer<\/a><\/li>\n<li><a href=\"http:\/\/help.opera.com\/Windows\/10.00\/hu\/cookies.html\">Opera<\/a><\/li>\n<li><a href=\"https:\/\/support.apple.com\/kb\/PH17191\">Safari<\/a><\/li>\n<\/ul>\n<p>A Google s\u00fctijeit itt\u00a0<a href=\"https:\/\/privacy.google.com\/take-control.html?categories_activeEl=sign-in\">tilthatja le<\/a>.\u00a0 Vagy tiltakozhat az Adatkezel\u0151 ilyen ir\u00e1ny\u00fa adatkezel\u00e9se ellen.<\/p>\n<p>&nbsp;<\/p>\n<p><strong>A Facebook-profilunk<\/strong><\/p>\n<p>A Facebookon <a href=\"https:\/\/www.facebook.com\/retrogameshun\/\">retro-games.hu<\/a> n\u00e9ven profilt tartunk fenn, ahol az adatszolg\u00e1ltat\u00e1s \u00f6nk\u00e9ntes alapon t\u00f6rt\u00e9nik, azok k\u00f6re a like-ol\u00f3k \u00e9s k\u00f6vet\u0151k \u00e1ltal k\u00f6zz\u00e9tett adatokon m\u00falik. A k\u00f6zz\u00e9tett adatokat az \u00e9rintett tudja helyesb\u00edteni \u00e9s t\u00f6r\u00f6lni egyar\u00e1nt. A Facebook adatkezel\u00e9si t\u00e1j\u00e9koztat\u00f3j\u00e1t\u00a0<a href=\"https:\/\/www.facebook.com\/privacy\/explanation\">itt<\/a>\u00a0tal\u00e1lja.<\/p>\n<p>&nbsp;<\/p>\n<p><strong>Az adatbiztons\u00e1g k\u00e9rd\u00e9seir\u0151l<\/strong><\/p>\n<p>Az Adatkezel\u0151 a szem\u00e9lyes adatokat a legnagyobb k\u00f6r\u00fcltekint\u00e9ssel, szigor\u00faan bizalmasan, csak a szolg\u00e1ltat\u00e1sok ig\u00e9nybev\u00e9tel\u00e9hez sz\u00fcks\u00e9ges m\u00e9rt\u00e9kben kezeli. Az Adatkezel\u0151 megtette azokat a technikai \u00e9s szervez\u00e9si int\u00e9zked\u00e9seket, illetve kialak\u00edtotta azokat az elj\u00e1r\u00e1si szab\u00e1lyokat, amelyek az adatkezel\u00e9si \u00e9s adatv\u00e9delmi jogszab\u00e1lyok \u00e9rv\u00e9nyre juttat\u00e1s\u00e1hoz sz\u00fcks\u00e9gesek, az \u00e1ltala foglalkoztatott munkav\u00e1llal\u00f3kkal \u00e9s szolg\u00e1ltat\u00f3kkal (adatfeldolgoz\u00f3kkal) megfelel\u0151 titoktart\u00e1si k\u00f6telezetts\u00e9get v\u00e1llaltatott, gondoskodik az \u00e1ltala t\u00e1rolt adatok megfelel\u0151 v\u00e9delm\u00e9r\u0151l szerverszint\u0171 \u00e9s alkalmaz\u00e1sszint\u0171 v\u00e9delmi elj\u00e1r\u00e1sokkal. Sz\u00e9khely\u00fcnk\u00f6n a szem\u00e9lyes adatokat tartalmaz\u00f3 dokumentumokat biztons\u00e1gosan t\u00e1roljuk.<\/p>\n<p>Az adatkezel\u0151 ily m\u00f3don biztos\u00edtja a kezelt szem\u00e9lyes adatok hozz\u00e1f\u00e9rhet\u0151s\u00e9g\u00e9t, hiteless\u00e9g\u00e9t, integrit\u00e1s\u00e1t \u00e9s bizalmass\u00e1g\u00e1t.<\/p>\n<p>Az Adatkezel\u0151 ezen int\u00e9zked\u00e9seket \u00e9s szab\u00e1lyokat rendszeresen fel\u00fclvizsg\u00e1lja, \u00e9s sz\u00fcks\u00e9g eset\u00e9n m\u00f3dos\u00edtja.<\/p>\n<p>Online fel\u00fcleten be\u00e9rkez\u0151 adatokat t\u00e1rhelyszolg\u00e1ltat\u00f3nk Magyarorsz\u00e1gon t\u00e1rolt szerver\u00e9n t\u00e1roljuk.<\/p>\n<p>T\u00e1j\u00e9koztatjuk \u00fcgyfeleinket \u00e9s felhaszn\u00e1l\u00f3inkat, hogy az elv\u00e1rhat\u00f3 \u00f3vint\u00e9zked\u00e9sek ellen\u00e9re az interneten tov\u00e1bb\u00edtott elektronikus adatok teljes m\u00e9rt\u00e9kben nem v\u00e9dhet\u0151ek minden t\u00e1mad\u00e1ssal szemben.<\/p>\n<p>Ha adatv\u00e9delmi incidens t\u00f6rt\u00e9nt, akkor a tudom\u00e1sunkra jut\u00e1st k\u00f6vet\u0151 72 \u00f3r\u00e1n bel\u00fcl be kell jelents\u00fck a fel\u00fcgyeleti hat\u00f3s\u00e1ghoz, az adatv\u00e9delmi incidensekr\u0151l pedig nyilv\u00e1ntart\u00e1st vezet\u00fcnk. Ha az adatv\u00e9delmi incidens val\u00f3sz\u00edn\u0171s\u00edthet\u0151en magas kock\u00e1zattal j\u00e1r a term\u00e9szetes szem\u00e9lyek jogaira \u00e9s szabads\u00e1gaira n\u00e9zve, az adatkezel\u0151 indokolatlan k\u00e9sedelem n\u00e9lk\u00fcl t\u00e1j\u00e9koztatni k\u00f6teles az \u00e9rintettet az adatv\u00e9delmi incidensr\u0151l.<\/p>\n<p>&nbsp;<\/p>\n<p><strong>Jogorvoslat<\/strong><\/p>\n<p>A szem\u00e9lyes adatok \u00e9rintettje \u00edr\u00e1sban (email \u00fatj\u00e1n) t\u00e1j\u00e9koztat\u00e1st k\u00e9rhet adatai kezel\u00e9s\u00e9r\u0151l. Az Adatkezel\u0151 t\u00e1j\u00e9koztat\u00e1st ad az \u00e1ltala kezelt, illet\u0151leg az \u00e1ltala megb\u00edzott feldolgoz\u00f3 \u00e1ltal feldolgozott adatair\u00f3l, az adatkezel\u00e9s c\u00e9lj\u00e1r\u00f3l, jogalapj\u00e1r\u00f3l, id\u0151tartam\u00e1r\u00f3l, az adatok forr\u00e1s\u00e1r\u00f3l, kateg\u00f3ri\u00e1ir\u00f3l, az adatfeldolgoz\u00f3 nev\u00e9r\u0151l, c\u00edm\u00e9r\u0151l (sz\u00e9khely\u00e9r\u0151l) \u00e9s az adatkezel\u00e9ssel \u00f6sszef\u00fcgg\u0151 tev\u00e9kenys\u00e9g\u00e9r\u0151l, tov\u00e1bb\u00e1 arr\u00f3l, hogy kik \u00e9s milyen c\u00e9lb\u00f3l kapj\u00e1k vagy kapt\u00e1k meg az adatokat. Az adatkezel\u0151 a k\u00e9relem beny\u00fajt\u00e1s\u00e1t\u00f3l sz\u00e1m\u00edtott legr\u00f6videbb id\u0151 alatt, de legfeljebb 25 napon bel\u00fcl \u00edr\u00e1sban, k\u00f6z\u00e9rthet\u0151 form\u00e1ban adja meg a t\u00e1j\u00e9koztat\u00e1st, ellenkez\u0151 kifejezett k\u00e9relem hi\u00e1ny\u00e1ban e-mail \u00fatj\u00e1n. A foly\u00f3 \u00e9vben \u00fajra el\u0151fordul\u00f3 t\u00e1j\u00e9koztat\u00e1s k\u00e9r\u00e9s\u00e9\u00e9rt az Adatkezel\u0151 \u00e9sszer\u0171 k\u00f6lts\u00e9gt\u00e9r\u00edt\u00e9si d\u00edjat \u00e1llap\u00edthat meg.<\/p>\n<p>Az \u00e9rintett k\u00e9rheti adatai helyesb\u00edt\u00e9s\u00e9t. T\u00f6rl\u00e9s\u00fcket akkor k\u00e9rheti, ha az adatkezel\u00e9s jogellenes volt, vagy az adatkezel\u00e9s id\u0151tartama lej\u00e1rt. A helyesb\u00edt\u00e9sr\u0151l \u00e9s a t\u00f6rl\u00e9sr\u0151l az adatkezel\u0151 az \u00e9rintettet, tov\u00e1bb\u00e1 mindazokat \u00e9rtes\u00edti, akiknek kor\u00e1bban az adatot adatkezel\u00e9s c\u00e9lj\u00e1ra tov\u00e1bb\u00edtott\u00e1k.<\/p>\n<p>T\u00e1j\u00e9koztatjuk \u00fcgyfeleinket, hogy a szerz\u0151d\u00e9s a jogszab\u00e1lyon alapul\u00f3, valamint a szerz\u0151d\u00e9seink teljes\u00edt\u00e9s\u00e9hez sz\u00fcks\u00e9ges adatkezel\u00e9s ellen jogszer\u0171en nem tiltakozhatnak, az adatok ezen k\u00f6r\u00e9nek t\u00f6rl\u00e9s\u00e9t jogszer\u0171en nem k\u00e9rhetik.<\/p>\n<p>Az \u00e9rintett szint\u00e9n k\u00e9rheti az adatkezel\u00e9s korl\u00e1toz\u00e1s\u00e1t, ha vitatja azok pontoss\u00e1g\u00e1t, a kezel\u00e9s jogszer\u0171s\u00e9g\u00e9t. A korl\u00e1toz\u00e1si k\u00e9relmeket az Adatkezel\u0151 10 napon bel\u00fcl elb\u00edr\u00e1lja.<\/p>\n<p>Amennyiben az \u00e9rintett az Adatkezel\u0151 b\u00e1rmely d\u00f6nt\u00e9s\u00e9vel nem \u00e9rt egyet, az ellen (annak k\u00f6zl\u00e9s\u00e9t\u0151l sz\u00e1m\u00edtott 30 napon bel\u00fcl) b\u00edr\u00f3s\u00e1ghoz fordulhat.<\/p>\n<p>Amennyiben \u00fcgyfeleinknek k\u00e9ts\u00e9ge mer\u00fcl fel adatkezel\u00e9s\u00fcnk jogszer\u0171s\u00e9g\u00e9vel kapcsolatban, a\u00a0<a href=\"http:\/\/naih.hu\/uegyfelszolgalat,--kapcsolat.html\">Nemzeti Adatv\u00e9delmi \u00e9s Inform\u00e1ci\u00f3szabads\u00e1g Hat\u00f3s\u00e1ghoz<\/a>\u00a0 fordulhatnak panasszal.<\/p>\n<p>B\u00e1rki, aki \u00fagy v\u00e9li, hogy az Adatkezel\u0151 adatkezel\u00e9se k\u00f6vetkezt\u00e9ben s\u00e9r\u00fcltek a jogai, b\u00edr\u00f3s\u00e1ghoz fordulhat. A b\u00edr\u00f3s\u00e1g az \u00fcgyben soron k\u00edv\u00fcl j\u00e1r el. A perre a F\u0151v\u00e1rosi T\u00f6rv\u00e9nysz\u00e9k az illet\u00e9kes, azonban a per az azt kezdem\u00e9nyez\u0151 szem\u00e9ly v\u00e1laszt\u00e1sa szerint a lak\u00f3helye vagy tart\u00f3zkod\u00e1si helye szerint illet\u00e9kes t\u00f6rv\u00e9nysz\u00e9k el\u0151tt is megind\u00edthat\u00f3.<\/p>\n<p>&nbsp;<\/p>\n","protected":false},"excerpt":{"rendered":"<p>A retro-games.hu web\u00e1ruh\u00e1z\u00a0adatv\u00e9delmi szab\u00e1lyzata Utols\u00f3 friss\u00edt\u00e9s d\u00e1tuma: 2018. j\u00fanius 18. Hat\u00e1ly: Az utols\u00f3 friss\u00edt\u00e9s d\u00e1tum\u00e1t\u00f3l visszavon\u00e1sig Bevezet\u0151 V\u00e1llalkoz\u00e1sunk felel\u0151s v\u00e1llalkoz\u00e1sk\u00e9nt kiemelt figyelmet ford\u00edt az adatbiztons\u00e1g k\u00e9rd\u00e9s\u00e9re. Web\u00e1ruh\u00e1zunk \u00fczemeltet\u00e9se sor\u00e1n minden t\u0151l\u00fcnk telhet\u0151t megtesz\u00fcnk, hogy szem\u00e9lyes adatai biztons\u00e1gban legyenek n\u00e1lunk arra az id\u0151re, ameddig azt rendel\u00e9se teljes\u00edt\u00e9se, illetve a p\u00e9nz\u00fcgyi bizonylatok meg\u0151rz\u00e9s\u00e9re vonatkoz\u00f3 jogszab\u00e1lyok megk\u00f6vetelik. (Ezen [&hellip;]<\/p>\n","protected":false},"author":1,"featured_media":0,"parent":0,"menu_order":0,"comment_status":"closed","ping_status":"closed","template":"","meta":{"_et_pb_use_builder":"","_et_pb_old_content":"","_et_gb_content_width":"","footnotes":""},"class_list":["post-4663","page","type-page","status-publish","hentry"],"_links":{"self":[{"href":"https:\/\/www.retro-games.hu\/index.php\/wp-json\/wp\/v2\/pages\/4663","targetHints":{"allow":["GET"]}}],"collection":[{"href":"https:\/\/www.retro-games.hu\/index.php\/wp-json\/wp\/v2\/pages"}],"about":[{"href":"https:\/\/www.retro-games.hu\/index.php\/wp-json\/wp\/v2\/types\/page"}],"author":[{"embeddable":true,"href":"https:\/\/www.retro-games.hu\/index.php\/wp-json\/wp\/v2\/users\/1"}],"replies":[{"embeddable":true,"href":"https:\/\/www.retro-games.hu\/index.php\/wp-json\/wp\/v2\/comments?post=4663"}],"version-history":[{"count":3,"href":"https:\/\/www.retro-games.hu\/index.php\/wp-json\/wp\/v2\/pages\/4663\/revisions"}],"predecessor-version":[{"id":12999,"href":"https:\/\/www.retro-games.hu\/index.php\/wp-json\/wp\/v2\/pages\/4663\/revisions\/12999"}],"wp:attachment":[{"href":"https:\/\/www.retro-games.hu\/index.php\/wp-json\/wp\/v2\/media?parent=4663"}],"curies":[{"name":"wp","href":"https:\/\/api.w.org\/{rel}","templated":true}]}}