{"id":59389,"date":"2025-11-03T13:12:14","date_gmt":"2025-11-03T13:12:14","guid":{"rendered":"https:\/\/www.retro-games.hu\/index.php\/termek\/mary-kate-and-ashley-crush-course\/"},"modified":"2025-11-03T13:12:15","modified_gmt":"2025-11-03T13:12:15","slug":"mary-kate-and-ashley-crush-course","status":"publish","type":"product","link":"https:\/\/www.retro-games.hu\/index.php\/termek\/mary-kate-and-ashley-crush-course\/","title":{"rendered":"Mary-Kate and Ashley: Crush Course"},"content":{"rendered":"<p>platform: Game Boy Color; haszn\u00e1lt, csak a kazetta; term\u00e9kk\u00f3d: CGB-BCVE-USA<\/p>\n","protected":false},"excerpt":{"rendered":"<p>platform: Game Boy Color; haszn\u00e1lt, csak a kazetta; term\u00e9kk\u00f3d: CGB-BCVE-USA<\/p>\n","protected":false},"featured_media":59388,"comment_status":"open","ping_status":"closed","template":"","meta":{"_et_pb_use_builder":"","_et_pb_old_content":"","_et_gb_content_width":""},"product_brand":[],"product_cat":[26,25],"product_tag":[],"class_list":{"0":"post-59389","1":"product","2":"type-product","3":"status-publish","4":"has-post-thumbnail","6":"product_cat-akcio-kalandjatek","7":"product_cat-kaland","8":"pa_allapot-hasznalt","9":"pa_kivitel-csak-a-lemezcddvdkazetta","10":"pa_nyelv-angol","11":"pa_platform-nintendo-game-boy-color","13":"first","14":"instock","15":"shipping-taxable","16":"purchasable","17":"product-type-simple"},"_links":{"self":[{"href":"https:\/\/www.retro-games.hu\/index.php\/wp-json\/wp\/v2\/product\/59389","targetHints":{"allow":["GET"]}}],"collection":[{"href":"https:\/\/www.retro-games.hu\/index.php\/wp-json\/wp\/v2\/product"}],"about":[{"href":"https:\/\/www.retro-games.hu\/index.php\/wp-json\/wp\/v2\/types\/product"}],"replies":[{"embeddable":true,"href":"https:\/\/www.retro-games.hu\/index.php\/wp-json\/wp\/v2\/comments?post=59389"}],"wp:featuredmedia":[{"embeddable":true,"href":"https:\/\/www.retro-games.hu\/index.php\/wp-json\/wp\/v2\/media\/59388"}],"wp:attachment":[{"href":"https:\/\/www.retro-games.hu\/index.php\/wp-json\/wp\/v2\/media?parent=59389"}],"wp:term":[{"taxonomy":"product_brand","embeddable":true,"href":"https:\/\/www.retro-games.hu\/index.php\/wp-json\/wp\/v2\/product_brand?post=59389"},{"taxonomy":"product_cat","embeddable":true,"href":"https:\/\/www.retro-games.hu\/index.php\/wp-json\/wp\/v2\/product_cat?post=59389"},{"taxonomy":"product_tag","embeddable":true,"href":"https:\/\/www.retro-games.hu\/index.php\/wp-json\/wp\/v2\/product_tag?post=59389"}],"curies":[{"name":"wp","href":"https:\/\/api.w.org\/{rel}","templated":true}]}}