{"id":59514,"date":"2025-11-03T13:16:40","date_gmt":"2025-11-03T13:16:40","guid":{"rendered":"https:\/\/www.retro-games.hu\/index.php\/termek\/ps-ps1-psx-ps2-kormany-es-pedal-uj\/"},"modified":"2026-01-19T09:39:09","modified_gmt":"2026-01-19T09:39:09","slug":"ps-ps1-psx-ps2-kormany-es-pedal-uj","status":"publish","type":"product","link":"https:\/\/www.retro-games.hu\/index.php\/termek\/ps-ps1-psx-ps2-kormany-es-pedal-uj\/","title":{"rendered":"PS PS1 PSX PS2 korm\u00e1ny \u00e9s ped\u00e1l \u00faj"},"content":{"rendered":"<p>Sony Playstation 1\/2 korm\u00e1ny \u00e9s ped\u00e1l. Tulajdons\u00e1gok: ergon\u00f3mikus gumibevonat, 100% anal\u00f3g gombok, val\u00f3s\u00e1gh\u0171 dupla vibr\u00e1ci\u00f3s feedback hat\u00e1s.<\/p>\n","protected":false},"excerpt":{"rendered":"<p>Sony Playstation 1\/2 korm\u00e1ny \u00e9s ped\u00e1l. Tulajdons\u00e1gok: ergon\u00f3mikus gumibevonat, 100% anal\u00f3g gombok, val\u00f3s\u00e1gh\u0171 dupla vibr\u00e1ci\u00f3s feedback hat\u00e1s.<\/p>\n","protected":false},"featured_media":59513,"comment_status":"open","ping_status":"closed","template":"","meta":{"_et_pb_use_builder":"","_et_pb_old_content":"","_et_gb_content_width":""},"product_brand":[],"product_cat":[166,154],"product_tag":[],"class_list":{"0":"post-59514","1":"product","2":"type-product","3":"status-publish","4":"has-post-thumbnail","6":"product_cat-jatekvezerlo-kontroller","7":"product_cat-konzolok-kiegeszitok","8":"pa_allapot-uj","9":"pa_platform-sony-playstation-1","10":"pa_platform-playstation-2","12":"first","13":"instock","14":"shipping-taxable","15":"purchasable","16":"product-type-simple"},"_links":{"self":[{"href":"https:\/\/www.retro-games.hu\/index.php\/wp-json\/wp\/v2\/product\/59514","targetHints":{"allow":["GET"]}}],"collection":[{"href":"https:\/\/www.retro-games.hu\/index.php\/wp-json\/wp\/v2\/product"}],"about":[{"href":"https:\/\/www.retro-games.hu\/index.php\/wp-json\/wp\/v2\/types\/product"}],"replies":[{"embeddable":true,"href":"https:\/\/www.retro-games.hu\/index.php\/wp-json\/wp\/v2\/comments?post=59514"}],"wp:featuredmedia":[{"embeddable":true,"href":"https:\/\/www.retro-games.hu\/index.php\/wp-json\/wp\/v2\/media\/59513"}],"wp:attachment":[{"href":"https:\/\/www.retro-games.hu\/index.php\/wp-json\/wp\/v2\/media?parent=59514"}],"wp:term":[{"taxonomy":"product_brand","embeddable":true,"href":"https:\/\/www.retro-games.hu\/index.php\/wp-json\/wp\/v2\/product_brand?post=59514"},{"taxonomy":"product_cat","embeddable":true,"href":"https:\/\/www.retro-games.hu\/index.php\/wp-json\/wp\/v2\/product_cat?post=59514"},{"taxonomy":"product_tag","embeddable":true,"href":"https:\/\/www.retro-games.hu\/index.php\/wp-json\/wp\/v2\/product_tag?post=59514"}],"curies":[{"name":"wp","href":"https:\/\/api.w.org\/{rel}","templated":true}]}}