{"id":59610,"date":"2025-11-03T13:20:32","date_gmt":"2025-11-03T13:20:32","guid":{"rendered":"https:\/\/www.retro-games.hu\/index.php\/termek\/assassins-creed-brotherhood-revelations-csak-doboz-es-kezikonyv\/"},"modified":"2025-11-03T13:20:39","modified_gmt":"2025-11-03T13:20:39","slug":"assassins-creed-brotherhood-revelations-csak-doboz-es-kezikonyv","status":"publish","type":"product","link":"https:\/\/www.retro-games.hu\/index.php\/termek\/assassins-creed-brotherhood-revelations-csak-doboz-es-kezikonyv\/","title":{"rendered":"Assassin&#8217;s Creed Brotherhood + Revelations (csak doboz \u00e9s k\u00e9zik\u00f6nyv)"},"content":{"rendered":"<p>csak a doboz\/tok\/k\u00e9zik\u00f6nyv stb, gy\u0171jt\u0151knek\/polcra\/digit\u00e1lis v\u00e1s\u00e1rl\u00e1s mell\u00e9. A k\u00e9t j\u00e1t\u00e9k k\u00f3dja Uplayen aktiv\u00e1lva lett, j\u00e1tszani nem lehet vele. Tartalom: Ubisoft Exclusive kiad\u00e1s, magyar nyelv\u0171 bor\u00edt\u00f3, 2 db magyar nyelv\u0171 r\u00f6vid pap\u00edrk\u00e9zik\u00f6nyv, 2 DVD (a DVD-k csomagol\u00e1sa bontatlan)csomag<\/p>\n","protected":false},"excerpt":{"rendered":"<p>csak a doboz\/tok\/k\u00e9zik\u00f6nyv stb, gy\u0171jt\u0151knek\/polcra\/digit\u00e1lis v\u00e1s\u00e1rl\u00e1s mell\u00e9. A k\u00e9t j\u00e1t\u00e9k k\u00f3dja Uplayen aktiv\u00e1lva lett, j\u00e1tszani nem lehet vele. Tartalom: Ubisoft Exclusive kiad\u00e1s, magyar nyelv\u0171 bor\u00edt\u00f3, 2 db magyar nyelv\u0171 r\u00f6vid pap\u00edrk\u00e9zik\u00f6nyv, 2 DVD (a DVD-k csomagol\u00e1sa bontatlan)csomag<\/p>\n","protected":false},"featured_media":59609,"comment_status":"open","ping_status":"closed","template":"","meta":{"_et_pb_use_builder":"","_et_pb_old_content":"","_et_gb_content_width":""},"product_brand":[],"product_cat":[337,155],"product_tag":[],"class_list":{"0":"post-59610","1":"product","2":"type-product","3":"status-publish","4":"has-post-thumbnail","6":"product_cat-doboz-tok-kezikonyv","7":"product_cat-jatekok","8":"pa_allapot-hasznalt","9":"pa_kivitel-dvd-tokos","11":"first","12":"instock","13":"shipping-taxable","14":"purchasable","15":"product-type-simple"},"_links":{"self":[{"href":"https:\/\/www.retro-games.hu\/index.php\/wp-json\/wp\/v2\/product\/59610","targetHints":{"allow":["GET"]}}],"collection":[{"href":"https:\/\/www.retro-games.hu\/index.php\/wp-json\/wp\/v2\/product"}],"about":[{"href":"https:\/\/www.retro-games.hu\/index.php\/wp-json\/wp\/v2\/types\/product"}],"replies":[{"embeddable":true,"href":"https:\/\/www.retro-games.hu\/index.php\/wp-json\/wp\/v2\/comments?post=59610"}],"wp:featuredmedia":[{"embeddable":true,"href":"https:\/\/www.retro-games.hu\/index.php\/wp-json\/wp\/v2\/media\/59609"}],"wp:attachment":[{"href":"https:\/\/www.retro-games.hu\/index.php\/wp-json\/wp\/v2\/media?parent=59610"}],"wp:term":[{"taxonomy":"product_brand","embeddable":true,"href":"https:\/\/www.retro-games.hu\/index.php\/wp-json\/wp\/v2\/product_brand?post=59610"},{"taxonomy":"product_cat","embeddable":true,"href":"https:\/\/www.retro-games.hu\/index.php\/wp-json\/wp\/v2\/product_cat?post=59610"},{"taxonomy":"product_tag","embeddable":true,"href":"https:\/\/www.retro-games.hu\/index.php\/wp-json\/wp\/v2\/product_tag?post=59610"}],"curies":[{"name":"wp","href":"https:\/\/api.w.org\/{rel}","templated":true}]}}