{"id":59886,"date":"2025-11-03T13:31:29","date_gmt":"2025-11-03T13:31:29","guid":{"rendered":"https:\/\/www.retro-games.hu\/index.php\/termek\/archipelagos\/"},"modified":"2025-11-03T13:31:35","modified_gmt":"2025-11-03T13:31:35","slug":"archipelagos","status":"publish","type":"product","link":"https:\/\/www.retro-games.hu\/index.php\/termek\/archipelagos\/","title":{"rendered":"Archipelagos"},"content":{"rendered":"<p>Puzzle j\u00e1t\u00e9k. Kiad\u00e1s \u00e9ve: 1989. Platform: DOS. Kivitel: pap\u00edrdobozos, els\u0151 kiad\u00e1s, angol feliratos pap\u00edrdobozos, seg\u00e9danyag, 1 db 3,5 floppy, angol nyelv\u0171 j\u00e1t\u00e9k. A lemez tesztelt \u00e9s m\u0171k\u00f6dik.<\/p>\n","protected":false},"excerpt":{"rendered":"<p>Puzzle j\u00e1t\u00e9k. Kiad\u00e1s \u00e9ve: 1989. Platform: DOS. Kivitel: pap\u00edrdobozos, els\u0151 kiad\u00e1s, angol feliratos pap\u00edrdobozos, seg\u00e9danyag, 1 db 3,5 floppy, angol nyelv\u0171 j\u00e1t\u00e9k. A lemez tesztelt \u00e9s m\u0171k\u00f6dik.<\/p>\n","protected":false},"featured_media":59885,"comment_status":"open","ping_status":"closed","template":"","meta":{"_et_pb_use_builder":"","_et_pb_old_content":"","_et_gb_content_width":""},"product_brand":[],"product_cat":[155,59],"product_tag":[],"class_list":{"0":"post-59886","1":"product","2":"type-product","3":"status-publish","4":"has-post-thumbnail","6":"product_cat-jatekok","7":"product_cat-puzzle-rejtveny","8":"pa_allapot-hasznalt","9":"pa_kivitel-papirdobozos","10":"pa_nyelv-angol","11":"pa_platform-pc_dos","13":"first","14":"instock","15":"shipping-taxable","16":"purchasable","17":"product-type-simple"},"_links":{"self":[{"href":"https:\/\/www.retro-games.hu\/index.php\/wp-json\/wp\/v2\/product\/59886","targetHints":{"allow":["GET"]}}],"collection":[{"href":"https:\/\/www.retro-games.hu\/index.php\/wp-json\/wp\/v2\/product"}],"about":[{"href":"https:\/\/www.retro-games.hu\/index.php\/wp-json\/wp\/v2\/types\/product"}],"replies":[{"embeddable":true,"href":"https:\/\/www.retro-games.hu\/index.php\/wp-json\/wp\/v2\/comments?post=59886"}],"wp:featuredmedia":[{"embeddable":true,"href":"https:\/\/www.retro-games.hu\/index.php\/wp-json\/wp\/v2\/media\/59885"}],"wp:attachment":[{"href":"https:\/\/www.retro-games.hu\/index.php\/wp-json\/wp\/v2\/media?parent=59886"}],"wp:term":[{"taxonomy":"product_brand","embeddable":true,"href":"https:\/\/www.retro-games.hu\/index.php\/wp-json\/wp\/v2\/product_brand?post=59886"},{"taxonomy":"product_cat","embeddable":true,"href":"https:\/\/www.retro-games.hu\/index.php\/wp-json\/wp\/v2\/product_cat?post=59886"},{"taxonomy":"product_tag","embeddable":true,"href":"https:\/\/www.retro-games.hu\/index.php\/wp-json\/wp\/v2\/product_tag?post=59886"}],"curies":[{"name":"wp","href":"https:\/\/api.w.org\/{rel}","templated":true}]}}