{"id":59933,"date":"2025-11-03T13:33:27","date_gmt":"2025-11-03T13:33:27","guid":{"rendered":"https:\/\/www.retro-games.hu\/index.php\/termek\/cup-sailing-simulator\/"},"modified":"2025-11-03T13:33:35","modified_gmt":"2025-11-03T13:33:35","slug":"cup-sailing-simulator","status":"publish","type":"product","link":"https:\/\/www.retro-games.hu\/index.php\/termek\/cup-sailing-simulator\/","title":{"rendered":"Cup: Sailing Simulator"},"content":{"rendered":"<p>Vitorl\u00e1z\u00e1s szimul\u00e1tor j\u00e1t\u00e9k. Kiad\u00e1s \u00e9ve: 1992. Platform: Windows 3.x\/95\/NT. Kivitel: America&#8217;s Cup &#8217;95, pap\u00edrdobozos, els\u0151 kiad\u00e1s, n\u00e9met feliratos pap\u00edrdobozos, n\u00e9met nyelv\u0171 pap\u00edrk\u00e9zik\u00f6nyv, cd tokban az eredeti cd, angol, francia, n\u00e9met, spanyol \u00e9s jap\u00e1n nyelv\u0171 j\u00e1t\u00e9k. CD \u00e1llapota: karcmentes, \u00fajnak t\u0171nik<\/p>\n","protected":false},"excerpt":{"rendered":"<p>Vitorl\u00e1z\u00e1s szimul\u00e1tor j\u00e1t\u00e9k. Kiad\u00e1s \u00e9ve: 1992. Platform: Windows 3.x\/95\/NT. Kivitel: America&#8217;s Cup &#8217;95, pap\u00edrdobozos, els\u0151 kiad\u00e1s, n\u00e9met feliratos pap\u00edrdobozos, n\u00e9met nyelv\u0171 pap\u00edrk\u00e9zik\u00f6nyv, cd tokban az eredeti cd, angol, francia, n\u00e9met, spanyol \u00e9s jap\u00e1n nyelv\u0171 j\u00e1t\u00e9k. CD \u00e1llapota: karcmentes, \u00fajnak t\u0171nik<\/p>\n","protected":false},"featured_media":59932,"comment_status":"open","ping_status":"closed","template":"","meta":{"_et_pb_use_builder":"","_et_pb_old_content":"","_et_gb_content_width":""},"product_brand":[],"product_cat":[155,8,134],"product_tag":[],"class_list":{"0":"post-59933","1":"product","2":"type-product","3":"status-publish","4":"has-post-thumbnail","6":"product_cat-jatekok","7":"product_cat-szimulator","8":"product_cat-vitorlazas","9":"pa_allapot-hasznalt","10":"pa_kivitel-papirdobozos","11":"pa_nyelv-angol","12":"pa_nyelv-francia","13":"pa_nyelv-japan","14":"pa_nyelv-nemet","15":"pa_nyelv-spanyol","16":"pa_platform-pc-windows-3-x","17":"pa_platform-pc-windows-95","18":"pa_platform-pc-windows-nt","20":"first","21":"instock","22":"shipping-taxable","23":"purchasable","24":"product-type-simple"},"_links":{"self":[{"href":"https:\/\/www.retro-games.hu\/index.php\/wp-json\/wp\/v2\/product\/59933","targetHints":{"allow":["GET"]}}],"collection":[{"href":"https:\/\/www.retro-games.hu\/index.php\/wp-json\/wp\/v2\/product"}],"about":[{"href":"https:\/\/www.retro-games.hu\/index.php\/wp-json\/wp\/v2\/types\/product"}],"replies":[{"embeddable":true,"href":"https:\/\/www.retro-games.hu\/index.php\/wp-json\/wp\/v2\/comments?post=59933"}],"wp:featuredmedia":[{"embeddable":true,"href":"https:\/\/www.retro-games.hu\/index.php\/wp-json\/wp\/v2\/media\/59932"}],"wp:attachment":[{"href":"https:\/\/www.retro-games.hu\/index.php\/wp-json\/wp\/v2\/media?parent=59933"}],"wp:term":[{"taxonomy":"product_brand","embeddable":true,"href":"https:\/\/www.retro-games.hu\/index.php\/wp-json\/wp\/v2\/product_brand?post=59933"},{"taxonomy":"product_cat","embeddable":true,"href":"https:\/\/www.retro-games.hu\/index.php\/wp-json\/wp\/v2\/product_cat?post=59933"},{"taxonomy":"product_tag","embeddable":true,"href":"https:\/\/www.retro-games.hu\/index.php\/wp-json\/wp\/v2\/product_tag?post=59933"}],"curies":[{"name":"wp","href":"https:\/\/api.w.org\/{rel}","templated":true}]}}