{"id":59997,"date":"2025-11-03T13:36:03","date_gmt":"2025-11-03T13:36:03","guid":{"rendered":"https:\/\/www.retro-games.hu\/index.php\/termek\/earl-weaver-baseball\/"},"modified":"2025-11-03T13:36:16","modified_gmt":"2025-11-03T13:36:16","slug":"earl-weaver-baseball","status":"publish","type":"product","link":"https:\/\/www.retro-games.hu\/index.php\/termek\/earl-weaver-baseball\/","title":{"rendered":"Earl Weaver Baseball"},"content":{"rendered":"<p>Baseball menedzser j\u00e1t\u00e9k. Kiad\u00e1s \u00e9ve: 1987. Platform: DOS. Kivitel: pap\u00edrdobozos, els\u0151 kiad\u00e1s, angol feliratos pap\u00edrdobozos, angol nyelv\u0171 pap\u00edrk\u00e9zik\u00f6nyv, manager card, wheel, 1db 3,5 floppy, angol nyelv\u0171 j\u00e1t\u00e9k. A lemez tesztelt \u00e9s m\u0171k\u00f6dik.<\/p>\n","protected":false},"excerpt":{"rendered":"<p>Baseball menedzser j\u00e1t\u00e9k. Kiad\u00e1s \u00e9ve: 1987. Platform: DOS. Kivitel: pap\u00edrdobozos, els\u0151 kiad\u00e1s, angol feliratos pap\u00edrdobozos, angol nyelv\u0171 pap\u00edrk\u00e9zik\u00f6nyv, manager card, wheel, 1db 3,5 floppy, angol nyelv\u0171 j\u00e1t\u00e9k. A lemez tesztelt \u00e9s m\u0171k\u00f6dik.<\/p>\n","protected":false},"featured_media":59996,"comment_status":"open","ping_status":"closed","template":"","meta":{"_et_pb_use_builder":"","_et_pb_old_content":"","_et_gb_content_width":""},"product_brand":[],"product_cat":[155,8,81],"product_tag":[],"class_list":{"0":"post-59997","1":"product","2":"type-product","3":"status-publish","4":"has-post-thumbnail","6":"product_cat-jatekok","7":"product_cat-szimulator","8":"product_cat-uzlet-menedzsment","9":"pa_allapot-hasznalt","10":"pa_kivitel-papirdobozos","11":"pa_nyelv-angol","12":"pa_platform-pc_dos","14":"first","15":"instock","16":"shipping-taxable","17":"purchasable","18":"product-type-simple"},"_links":{"self":[{"href":"https:\/\/www.retro-games.hu\/index.php\/wp-json\/wp\/v2\/product\/59997","targetHints":{"allow":["GET"]}}],"collection":[{"href":"https:\/\/www.retro-games.hu\/index.php\/wp-json\/wp\/v2\/product"}],"about":[{"href":"https:\/\/www.retro-games.hu\/index.php\/wp-json\/wp\/v2\/types\/product"}],"replies":[{"embeddable":true,"href":"https:\/\/www.retro-games.hu\/index.php\/wp-json\/wp\/v2\/comments?post=59997"}],"wp:featuredmedia":[{"embeddable":true,"href":"https:\/\/www.retro-games.hu\/index.php\/wp-json\/wp\/v2\/media\/59996"}],"wp:attachment":[{"href":"https:\/\/www.retro-games.hu\/index.php\/wp-json\/wp\/v2\/media?parent=59997"}],"wp:term":[{"taxonomy":"product_brand","embeddable":true,"href":"https:\/\/www.retro-games.hu\/index.php\/wp-json\/wp\/v2\/product_brand?post=59997"},{"taxonomy":"product_cat","embeddable":true,"href":"https:\/\/www.retro-games.hu\/index.php\/wp-json\/wp\/v2\/product_cat?post=59997"},{"taxonomy":"product_tag","embeddable":true,"href":"https:\/\/www.retro-games.hu\/index.php\/wp-json\/wp\/v2\/product_tag?post=59997"}],"curies":[{"name":"wp","href":"https:\/\/api.w.org\/{rel}","templated":true}]}}