{"id":60147,"date":"2025-11-03T13:42:11","date_gmt":"2025-11-03T13:42:11","guid":{"rendered":"https:\/\/www.retro-games.hu\/index.php\/termek\/maabus\/"},"modified":"2025-11-03T13:42:26","modified_gmt":"2025-11-03T13:42:26","slug":"maabus","status":"publish","type":"product","link":"https:\/\/www.retro-games.hu\/index.php\/termek\/maabus\/","title":{"rendered":"Maabus"},"content":{"rendered":"<p>Akci\u00f3-kalandj\u00e1t\u00e9k. Kiad\u00e1s \u00e9ve: 1995. Platform: Windows 3.x. Kivitel: pap\u00edrdobozos, els\u0151 kiad\u00e1s, speci\u00e1lis kihajthat\u00f3 el\u0151lapos dombornyomott n\u00e9met feliratos pap\u00edrdoboz, n\u00e9met nyelv\u0171 pap\u00edrk\u00e9zik\u00f6nyv, seg\u00e9danyag, regisztr\u00e1ci\u00f3s k\u00e1rtya, kit\u00e1maszt\u00f3 szivacs, eredeti vaskos cd tokj\u00e1ban az eredeti 3 cd, angol nyelv\u0171 j\u00e1t\u00e9k. CD-k \u00e1llapota: szinte karcmentes, tesztelt, m\u0171k\u00f6dik<\/p>\n","protected":false},"excerpt":{"rendered":"<p>Akci\u00f3-kalandj\u00e1t\u00e9k. Kiad\u00e1s \u00e9ve: 1995. Platform: Windows 3.x. Kivitel: pap\u00edrdobozos, els\u0151 kiad\u00e1s, speci\u00e1lis kihajthat\u00f3 el\u0151lapos dombornyomott n\u00e9met feliratos pap\u00edrdoboz, n\u00e9met nyelv\u0171 pap\u00edrk\u00e9zik\u00f6nyv, seg\u00e9danyag, regisztr\u00e1ci\u00f3s k\u00e1rtya, kit\u00e1maszt\u00f3 szivacs, eredeti vaskos cd tokj\u00e1ban az eredeti 3 cd, angol nyelv\u0171 j\u00e1t\u00e9k. CD-k \u00e1llapota: szinte karcmentes, tesztelt, m\u0171k\u00f6dik<\/p>\n","protected":false},"featured_media":60146,"comment_status":"open","ping_status":"closed","template":"","meta":{"_et_pb_use_builder":"","_et_pb_old_content":"","_et_gb_content_width":""},"product_brand":[],"product_cat":[26,25,155],"product_tag":[],"class_list":{"0":"post-60147","1":"product","2":"type-product","3":"status-publish","4":"has-post-thumbnail","6":"product_cat-akcio-kalandjatek","7":"product_cat-kaland","8":"product_cat-jatekok","9":"pa_allapot-hasznalt","10":"pa_kivitel-papirdobozos","11":"pa_nyelv-angol","12":"pa_platform-pc-windows-3-x","14":"first","15":"instock","16":"shipping-taxable","17":"purchasable","18":"product-type-simple"},"_links":{"self":[{"href":"https:\/\/www.retro-games.hu\/index.php\/wp-json\/wp\/v2\/product\/60147","targetHints":{"allow":["GET"]}}],"collection":[{"href":"https:\/\/www.retro-games.hu\/index.php\/wp-json\/wp\/v2\/product"}],"about":[{"href":"https:\/\/www.retro-games.hu\/index.php\/wp-json\/wp\/v2\/types\/product"}],"replies":[{"embeddable":true,"href":"https:\/\/www.retro-games.hu\/index.php\/wp-json\/wp\/v2\/comments?post=60147"}],"wp:featuredmedia":[{"embeddable":true,"href":"https:\/\/www.retro-games.hu\/index.php\/wp-json\/wp\/v2\/media\/60146"}],"wp:attachment":[{"href":"https:\/\/www.retro-games.hu\/index.php\/wp-json\/wp\/v2\/media?parent=60147"}],"wp:term":[{"taxonomy":"product_brand","embeddable":true,"href":"https:\/\/www.retro-games.hu\/index.php\/wp-json\/wp\/v2\/product_brand?post=60147"},{"taxonomy":"product_cat","embeddable":true,"href":"https:\/\/www.retro-games.hu\/index.php\/wp-json\/wp\/v2\/product_cat?post=60147"},{"taxonomy":"product_tag","embeddable":true,"href":"https:\/\/www.retro-games.hu\/index.php\/wp-json\/wp\/v2\/product_tag?post=60147"}],"curies":[{"name":"wp","href":"https:\/\/api.w.org\/{rel}","templated":true}]}}