{"id":60154,"date":"2025-11-03T13:42:31","date_gmt":"2025-11-03T13:42:31","guid":{"rendered":"https:\/\/www.retro-games.hu\/index.php\/termek\/greatest-airliners-the-737-400-for-microsoft-flight-simulator-2000\/"},"modified":"2025-11-03T13:42:43","modified_gmt":"2025-11-03T13:42:43","slug":"greatest-airliners-the-737-400-for-microsoft-flight-simulator-2000","status":"publish","type":"product","link":"https:\/\/www.retro-games.hu\/index.php\/termek\/greatest-airliners-the-737-400-for-microsoft-flight-simulator-2000\/","title":{"rendered":"Greatest Airliners: The 737-400 for Microsoft Flight Simulator 2000"},"content":{"rendered":"<p>Rep\u00fcl\u0151g\u00e9p-szimul\u00e1tor kieg\u00e9sz\u00edt\u0151 lemez. Kiad\u00e1s \u00e9ve: 2001. Platform: Windows 95\/98\/ME. Kivitel: kieg\u00e9sz\u00edt\u0151 lemez, pap\u00edrdobozos, els\u0151 kiad\u00e1s, angol\/n\u00e9met feliratos pap\u00edrdobozos, angol\/n\u00e9met feliratos pap\u00edrk\u00e9zik\u00f6nyv, katal\u00f3gus, regisztr\u00e1ci\u00f3s k\u00e1rtya, cd tokban az eredeti cd, angol nyelv\u0171 j\u00e1t\u00e9k. CD \u00e1llapota: szinte karcmentes, tesztelt, m\u0171k\u00f6dik<\/p>\n","protected":false},"excerpt":{"rendered":"<p>Rep\u00fcl\u0151g\u00e9p-szimul\u00e1tor kieg\u00e9sz\u00edt\u0151 lemez. Kiad\u00e1s \u00e9ve: 2001. Platform: Windows 95\/98\/ME. Kivitel: kieg\u00e9sz\u00edt\u0151 lemez, pap\u00edrdobozos, els\u0151 kiad\u00e1s, angol\/n\u00e9met feliratos pap\u00edrdobozos, angol\/n\u00e9met feliratos pap\u00edrk\u00e9zik\u00f6nyv, katal\u00f3gus, regisztr\u00e1ci\u00f3s k\u00e1rtya, cd tokban az eredeti cd, angol nyelv\u0171 j\u00e1t\u00e9k. CD \u00e1llapota: szinte karcmentes, tesztelt, m\u0171k\u00f6dik<\/p>\n","protected":false},"featured_media":60153,"comment_status":"open","ping_status":"closed","template":"","meta":{"_et_pb_use_builder":"","_et_pb_old_content":"","_et_gb_content_width":""},"product_brand":[],"product_cat":[155,10,9,8],"product_tag":[],"class_list":{"0":"post-60154","1":"product","2":"type-product","3":"status-publish","4":"has-post-thumbnail","6":"product_cat-jatekok","7":"product_cat-polgari","8":"product_cat-repulogep-szimulator-szimulator","9":"product_cat-szimulator","10":"pa_allapot-hasznalt","11":"pa_kivitel-papirdobozos","12":"pa_nyelv-angol","13":"pa_platform-pc-windows-95","14":"pa_platform-pc-windows-98","15":"pa_platform-pc-windows-me","17":"first","18":"instock","19":"shipping-taxable","20":"purchasable","21":"product-type-simple"},"_links":{"self":[{"href":"https:\/\/www.retro-games.hu\/index.php\/wp-json\/wp\/v2\/product\/60154","targetHints":{"allow":["GET"]}}],"collection":[{"href":"https:\/\/www.retro-games.hu\/index.php\/wp-json\/wp\/v2\/product"}],"about":[{"href":"https:\/\/www.retro-games.hu\/index.php\/wp-json\/wp\/v2\/types\/product"}],"replies":[{"embeddable":true,"href":"https:\/\/www.retro-games.hu\/index.php\/wp-json\/wp\/v2\/comments?post=60154"}],"wp:featuredmedia":[{"embeddable":true,"href":"https:\/\/www.retro-games.hu\/index.php\/wp-json\/wp\/v2\/media\/60153"}],"wp:attachment":[{"href":"https:\/\/www.retro-games.hu\/index.php\/wp-json\/wp\/v2\/media?parent=60154"}],"wp:term":[{"taxonomy":"product_brand","embeddable":true,"href":"https:\/\/www.retro-games.hu\/index.php\/wp-json\/wp\/v2\/product_brand?post=60154"},{"taxonomy":"product_cat","embeddable":true,"href":"https:\/\/www.retro-games.hu\/index.php\/wp-json\/wp\/v2\/product_cat?post=60154"},{"taxonomy":"product_tag","embeddable":true,"href":"https:\/\/www.retro-games.hu\/index.php\/wp-json\/wp\/v2\/product_tag?post=60154"}],"curies":[{"name":"wp","href":"https:\/\/api.w.org\/{rel}","templated":true}]}}