{"id":60444,"date":"2025-11-03T13:54:19","date_gmt":"2025-11-03T13:54:19","guid":{"rendered":"https:\/\/www.retro-games.hu\/index.php\/termek\/brehm-az-allatok-vilaga-ismeretterjeszto-cd\/"},"modified":"2025-11-03T13:54:19","modified_gmt":"2025-11-03T13:54:19","slug":"brehm-az-allatok-vilaga-ismeretterjeszto-cd","status":"publish","type":"product","link":"https:\/\/www.retro-games.hu\/index.php\/termek\/brehm-az-allatok-vilaga-ismeretterjeszto-cd\/","title":{"rendered":"Brehm: Az \u00e1llatok vil\u00e1ga ismeretterjeszt\u0151 CD"},"content":{"rendered":"<p>Ismeretterjeszt\u0151 CD a 18 k\u00f6tet teljes tartalm\u00e1val (8000 oldal sz\u00f6veg, 2500 sz\u00ednes \u00e9s fekete-feh\u00e9r illusztr\u00e1ci\u00f3). Kiad\u00e1s \u00e9ve: 1995. Platform: Windows 3.x. Kivitel: els\u0151 kiad\u00e1s, magyar feliratos bor\u00edt\u00f3, magyar nyelv\u0171 szoftver, CD \u00e1llapota: szinte karcmentes, tesztelt, m\u0171k\u00f6dik<\/p>\n","protected":false},"excerpt":{"rendered":"<p>Ismeretterjeszt\u0151 CD a 18 k\u00f6tet teljes tartalm\u00e1val (8000 oldal sz\u00f6veg, 2500 sz\u00ednes \u00e9s fekete-feh\u00e9r illusztr\u00e1ci\u00f3). Kiad\u00e1s \u00e9ve: 1995. Platform: Windows 3.x. Kivitel: els\u0151 kiad\u00e1s, magyar feliratos bor\u00edt\u00f3, magyar nyelv\u0171 szoftver, CD \u00e1llapota: szinte karcmentes, tesztelt, m\u0171k\u00f6dik<\/p>\n","protected":false},"featured_media":60443,"comment_status":"open","ping_status":"closed","template":"","meta":{"_et_pb_use_builder":"","_et_pb_old_content":"","_et_gb_content_width":""},"product_brand":[],"product_cat":[85],"product_tag":[],"class_list":{"0":"post-60444","1":"product","2":"type-product","3":"status-publish","4":"has-post-thumbnail","6":"product_cat-felhasznaloi-program","7":"pa_allapot-hasznalt","8":"pa_kivitel-cd-tokos","9":"pa_nyelv-magyar-feliratos","10":"pa_platform-pc-windows-3-x","12":"first","13":"instock","14":"shipping-taxable","15":"purchasable","16":"product-type-simple"},"_links":{"self":[{"href":"https:\/\/www.retro-games.hu\/index.php\/wp-json\/wp\/v2\/product\/60444","targetHints":{"allow":["GET"]}}],"collection":[{"href":"https:\/\/www.retro-games.hu\/index.php\/wp-json\/wp\/v2\/product"}],"about":[{"href":"https:\/\/www.retro-games.hu\/index.php\/wp-json\/wp\/v2\/types\/product"}],"replies":[{"embeddable":true,"href":"https:\/\/www.retro-games.hu\/index.php\/wp-json\/wp\/v2\/comments?post=60444"}],"wp:featuredmedia":[{"embeddable":true,"href":"https:\/\/www.retro-games.hu\/index.php\/wp-json\/wp\/v2\/media\/60443"}],"wp:attachment":[{"href":"https:\/\/www.retro-games.hu\/index.php\/wp-json\/wp\/v2\/media?parent=60444"}],"wp:term":[{"taxonomy":"product_brand","embeddable":true,"href":"https:\/\/www.retro-games.hu\/index.php\/wp-json\/wp\/v2\/product_brand?post=60444"},{"taxonomy":"product_cat","embeddable":true,"href":"https:\/\/www.retro-games.hu\/index.php\/wp-json\/wp\/v2\/product_cat?post=60444"},{"taxonomy":"product_tag","embeddable":true,"href":"https:\/\/www.retro-games.hu\/index.php\/wp-json\/wp\/v2\/product_tag?post=60444"}],"curies":[{"name":"wp","href":"https:\/\/api.w.org\/{rel}","templated":true}]}}