{"id":60932,"date":"2025-11-03T14:09:19","date_gmt":"2025-11-03T14:09:19","guid":{"rendered":"https:\/\/www.retro-games.hu\/index.php\/termek\/the-c-h-a-o-s-continuum-wrath-of-the-demon\/"},"modified":"2025-11-03T14:09:19","modified_gmt":"2025-11-03T14:09:19","slug":"the-c-h-a-o-s-continuum-wrath-of-the-demon","status":"publish","type":"product","link":"https:\/\/www.retro-games.hu\/index.php\/termek\/the-c-h-a-o-s-continuum-wrath-of-the-demon\/","title":{"rendered":"The C.H.A.O.S. Continuum + Wrath of the Demon"},"content":{"rendered":"<p>Kollekci\u00f3 &#8211; The C.H.A.O.S. Continuum (1994) egy bels\u0151 n\u00e9zetes kalandj\u00e1t\u00e9k, a Wrath of the Demon (1990) egy oldaln\u00e9zetes platformj\u00e1t\u00e9k.\u00a0 Platform: Windows 3.x. Kivitel: kollekci\u00f3, ut\u00e1nkiad\u00e1s, csak az eredeti cd, angol nyelv\u0171 j\u00e1t\u00e9kok. CD \u00e1llapota: enyh\u00e9n karcos (hajsz\u00e1lkarcok), tesztelt, m\u0171k\u00f6dik<\/p>\n","protected":false},"excerpt":{"rendered":"<p>Kollekci\u00f3 &#8211; The C.H.A.O.S. Continuum (1994) egy bels\u0151 n\u00e9zetes kalandj\u00e1t\u00e9k, a Wrath of the Demon (1990) egy oldaln\u00e9zetes platformj\u00e1t\u00e9k.\u00a0 Platform: Windows 3.x. Kivitel: kollekci\u00f3, ut\u00e1nkiad\u00e1s, csak az eredeti cd, angol nyelv\u0171 j\u00e1t\u00e9kok. CD \u00e1llapota: enyh\u00e9n karcos (hajsz\u00e1lkarcok), tesztelt, m\u0171k\u00f6dik<\/p>\n","protected":false},"featured_media":60931,"comment_status":"open","ping_status":"closed","template":"","meta":{"_et_pb_use_builder":"","_et_pb_old_content":"","_et_gb_content_width":""},"product_brand":[],"product_cat":[21,45,25,36,155,34,114],"product_tag":[],"class_list":{"0":"post-60932","1":"product","2":"type-product","3":"status-publish","4":"has-post-thumbnail","6":"product_cat-akcio","7":"product_cat-egyeb","8":"product_cat-kaland","9":"product_cat-osszeallitasok","10":"product_cat-jatekok","11":"product_cat-platformjatek","12":"product_cat-rejtvenymegoldo","13":"pa_allapot-hasznalt","14":"pa_kivitel-csak-a-lemezcddvdkazetta","15":"pa_nyelv-angol","16":"pa_platform-pc-windows-3-x","18":"first","19":"instock","20":"shipping-taxable","21":"purchasable","22":"product-type-simple"},"_links":{"self":[{"href":"https:\/\/www.retro-games.hu\/index.php\/wp-json\/wp\/v2\/product\/60932","targetHints":{"allow":["GET"]}}],"collection":[{"href":"https:\/\/www.retro-games.hu\/index.php\/wp-json\/wp\/v2\/product"}],"about":[{"href":"https:\/\/www.retro-games.hu\/index.php\/wp-json\/wp\/v2\/types\/product"}],"replies":[{"embeddable":true,"href":"https:\/\/www.retro-games.hu\/index.php\/wp-json\/wp\/v2\/comments?post=60932"}],"wp:featuredmedia":[{"embeddable":true,"href":"https:\/\/www.retro-games.hu\/index.php\/wp-json\/wp\/v2\/media\/60931"}],"wp:attachment":[{"href":"https:\/\/www.retro-games.hu\/index.php\/wp-json\/wp\/v2\/media?parent=60932"}],"wp:term":[{"taxonomy":"product_brand","embeddable":true,"href":"https:\/\/www.retro-games.hu\/index.php\/wp-json\/wp\/v2\/product_brand?post=60932"},{"taxonomy":"product_cat","embeddable":true,"href":"https:\/\/www.retro-games.hu\/index.php\/wp-json\/wp\/v2\/product_cat?post=60932"},{"taxonomy":"product_tag","embeddable":true,"href":"https:\/\/www.retro-games.hu\/index.php\/wp-json\/wp\/v2\/product_tag?post=60932"}],"curies":[{"name":"wp","href":"https:\/\/api.w.org\/{rel}","templated":true}]}}