{"id":61008,"date":"2025-11-03T14:11:36","date_gmt":"2025-11-03T14:11:36","guid":{"rendered":"https:\/\/www.retro-games.hu\/index.php\/termek\/far-cry-2\/"},"modified":"2025-11-03T14:11:36","modified_gmt":"2025-11-03T14:11:36","slug":"far-cry-2","status":"publish","type":"product","link":"https:\/\/www.retro-games.hu\/index.php\/termek\/far-cry-2\/","title":{"rendered":"Far Cry 2"},"content":{"rendered":"<p>Bels\u0151 n\u00e9zetes l\u00f6v\u00f6ld\u00f6z\u0151s j\u00e1t\u00e9k (FPS). Kiad\u00e1s \u00e9ve: 2008. Platform: Windows XP\/Vista. Kivitel: els\u0151 kiad\u00e1s, csak az eredeti dvd, angol, francia, kanadai francia, olasz, spanyol, n\u00e9met nyelv\u0171 j\u00e1t\u00e9k. DVD \u00e1llapota: szinte karcmentes, tesztelt, m\u0171k\u00f6dik. A j\u00e1t\u00e9kon van m\u00e1sol\u00e1sv\u00e9delem, ami az 1.03-as patch telep\u00edt\u00e9s\u00e9vel elt\u00e1vol\u00edthat\u00f3, \u00e9s akkor se k\u00f3dot, se lemezt nem fog k\u00e9rni az ind\u00edt\u00e1shoz.<\/p>\n","protected":false},"excerpt":{"rendered":"<p>Bels\u0151 n\u00e9zetes l\u00f6v\u00f6ld\u00f6z\u0151s j\u00e1t\u00e9k (FPS). Kiad\u00e1s \u00e9ve: 2008. Platform: Windows XP\/Vista. Kivitel: els\u0151 kiad\u00e1s, csak az eredeti dvd, angol, francia, kanadai francia, olasz, spanyol, n\u00e9met nyelv\u0171 j\u00e1t\u00e9k. DVD \u00e1llapota: szinte karcmentes, tesztelt, m\u0171k\u00f6dik. A j\u00e1t\u00e9kon van m\u00e1sol\u00e1sv\u00e9delem, ami az 1.03-as patch telep\u00edt\u00e9s\u00e9vel elt\u00e1vol\u00edthat\u00f3, \u00e9s akkor se k\u00f3dot, se lemezt nem fog k\u00e9rni az ind\u00edt\u00e1shoz.<\/p>\n","protected":false},"featured_media":61007,"comment_status":"open","ping_status":"closed","template":"","meta":{"_et_pb_use_builder":"","_et_pb_old_content":"","_et_gb_content_width":""},"product_brand":[],"product_cat":[21,22,155],"product_tag":[],"class_list":{"0":"post-61008","1":"product","2":"type-product","3":"status-publish","4":"has-post-thumbnail","6":"product_cat-akcio","7":"product_cat-belso-nezetes-lovoldozos-fps","8":"product_cat-jatekok","9":"pa_allapot-hasznalt","10":"pa_kivitel-csak-a-lemezcddvdkazetta","11":"pa_nyelv-angol","12":"pa_nyelv-francia","13":"pa_nyelv-kanadai-francia","14":"pa_nyelv-nemet","15":"pa_nyelv-olasz","16":"pa_nyelv-spanyol","17":"pa_platform-pc-windows-vista","18":"pa_platform-pc_windows","20":"first","21":"instock","22":"shipping-taxable","23":"purchasable","24":"product-type-simple"},"_links":{"self":[{"href":"https:\/\/www.retro-games.hu\/index.php\/wp-json\/wp\/v2\/product\/61008","targetHints":{"allow":["GET"]}}],"collection":[{"href":"https:\/\/www.retro-games.hu\/index.php\/wp-json\/wp\/v2\/product"}],"about":[{"href":"https:\/\/www.retro-games.hu\/index.php\/wp-json\/wp\/v2\/types\/product"}],"replies":[{"embeddable":true,"href":"https:\/\/www.retro-games.hu\/index.php\/wp-json\/wp\/v2\/comments?post=61008"}],"wp:featuredmedia":[{"embeddable":true,"href":"https:\/\/www.retro-games.hu\/index.php\/wp-json\/wp\/v2\/media\/61007"}],"wp:attachment":[{"href":"https:\/\/www.retro-games.hu\/index.php\/wp-json\/wp\/v2\/media?parent=61008"}],"wp:term":[{"taxonomy":"product_brand","embeddable":true,"href":"https:\/\/www.retro-games.hu\/index.php\/wp-json\/wp\/v2\/product_brand?post=61008"},{"taxonomy":"product_cat","embeddable":true,"href":"https:\/\/www.retro-games.hu\/index.php\/wp-json\/wp\/v2\/product_cat?post=61008"},{"taxonomy":"product_tag","embeddable":true,"href":"https:\/\/www.retro-games.hu\/index.php\/wp-json\/wp\/v2\/product_tag?post=61008"}],"curies":[{"name":"wp","href":"https:\/\/api.w.org\/{rel}","templated":true}]}}