{"id":61034,"date":"2025-11-03T14:12:23","date_gmt":"2025-11-03T14:12:23","guid":{"rendered":"https:\/\/www.retro-games.hu\/index.php\/termek\/forgotten-realms-the-archives-collection-two\/"},"modified":"2025-11-03T14:12:23","modified_gmt":"2025-11-03T14:12:23","slug":"forgotten-realms-the-archives-collection-two","status":"publish","type":"product","link":"https:\/\/www.retro-games.hu\/index.php\/termek\/forgotten-realms-the-archives-collection-two\/","title":{"rendered":"Forgotten Realms: The Archives &#8211; Collection Two"},"content":{"rendered":"<p>Klasszikus SSI Gold Box szerepj\u00e1t\u00e9k kollekci\u00f3. Kiad\u00e1s \u00e9ve: 1999. Platform: DOS. Kivitel: gy\u0171jtem\u00e9nyes kiad\u00e1s, csak az eredeti cd 7 j\u00e1t\u00e9kkal, angol nyelv\u0171 j\u00e1t\u00e9kok. A kollekci\u00f3 tartalma: Pool of Radiance, Pools of Darkness, Curse of the Azure Bonds, Secret of the Silver Blades, Hillsfar, Gateway to The Savage Frontier, Treasures of the Savage Frontier. CD \u00e1llapota: enyh\u00e9n\u00a0karcos (hajsz\u00e1lkarcok), tesztelt, m\u0171k\u00f6dik<\/p>\n","protected":false},"excerpt":{"rendered":"<p>Klasszikus SSI Gold Box szerepj\u00e1t\u00e9k kollekci\u00f3. Kiad\u00e1s \u00e9ve: 1999. Platform: DOS. Kivitel: gy\u0171jtem\u00e9nyes kiad\u00e1s, csak az eredeti cd 7 j\u00e1t\u00e9kkal, angol nyelv\u0171 j\u00e1t\u00e9kok. A kollekci\u00f3 tartalma: Pool of Radiance, Pools of Darkness, Curse of the Azure Bonds, Secret of the Silver Blades, Hillsfar, Gateway to The Savage Frontier, Treasures of the Savage Frontier. CD \u00e1llapota: [&hellip;]<\/p>\n","protected":false},"featured_media":61033,"comment_status":"open","ping_status":"closed","template":"","meta":{"_et_pb_use_builder":"","_et_pb_old_content":"","_et_gb_content_width":""},"product_brand":[],"product_cat":[116,155,272],"product_tag":[],"class_list":{"0":"post-61034","1":"product","2":"type-product","3":"status-publish","4":"has-post-thumbnail","6":"product_cat-klasszikus-szerepjatek","7":"product_cat-jatekok","8":"product_cat-szerepjatek-rpg","9":"pa_allapot-hasznalt","10":"pa_kivitel-csak-a-lemezcddvdkazetta","11":"pa_nyelv-angol","12":"pa_platform-pc_dos","14":"first","15":"instock","16":"shipping-taxable","17":"purchasable","18":"product-type-simple"},"_links":{"self":[{"href":"https:\/\/www.retro-games.hu\/index.php\/wp-json\/wp\/v2\/product\/61034","targetHints":{"allow":["GET"]}}],"collection":[{"href":"https:\/\/www.retro-games.hu\/index.php\/wp-json\/wp\/v2\/product"}],"about":[{"href":"https:\/\/www.retro-games.hu\/index.php\/wp-json\/wp\/v2\/types\/product"}],"replies":[{"embeddable":true,"href":"https:\/\/www.retro-games.hu\/index.php\/wp-json\/wp\/v2\/comments?post=61034"}],"wp:featuredmedia":[{"embeddable":true,"href":"https:\/\/www.retro-games.hu\/index.php\/wp-json\/wp\/v2\/media\/61033"}],"wp:attachment":[{"href":"https:\/\/www.retro-games.hu\/index.php\/wp-json\/wp\/v2\/media?parent=61034"}],"wp:term":[{"taxonomy":"product_brand","embeddable":true,"href":"https:\/\/www.retro-games.hu\/index.php\/wp-json\/wp\/v2\/product_brand?post=61034"},{"taxonomy":"product_cat","embeddable":true,"href":"https:\/\/www.retro-games.hu\/index.php\/wp-json\/wp\/v2\/product_cat?post=61034"},{"taxonomy":"product_tag","embeddable":true,"href":"https:\/\/www.retro-games.hu\/index.php\/wp-json\/wp\/v2\/product_tag?post=61034"}],"curies":[{"name":"wp","href":"https:\/\/api.w.org\/{rel}","templated":true}]}}