{"id":61202,"date":"2025-11-03T14:17:33","date_gmt":"2025-11-03T14:17:33","guid":{"rendered":"https:\/\/www.retro-games.hu\/index.php\/termek\/pinball-master\/"},"modified":"2025-11-03T14:17:34","modified_gmt":"2025-11-03T14:17:34","slug":"pinball-master","status":"publish","type":"product","link":"https:\/\/www.retro-games.hu\/index.php\/termek\/pinball-master\/","title":{"rendered":"Pinball Master"},"content":{"rendered":"<p>Flipper j\u00e1t\u00e9k. Kiad\u00e1s \u00e9ve: 2003. Platform: Windows 95\/98\/ME\/2000\/XP. Kivitel: ut\u00e1nkiad\u00e1s, csak az eredeti cd, angol \u00e9s francia, olasz, spanyol, n\u00e9met, portug\u00e1l nyelv\u0171 j\u00e1t\u00e9k. CD \u00e1llapota: enyh\u00e9n karcos (hajsz\u00e1lkarcok), tesztelt, m\u0171k\u00f6dik<\/p>\n","protected":false},"excerpt":{"rendered":"<p>Flipper j\u00e1t\u00e9k. Kiad\u00e1s \u00e9ve: 2003. Platform: Windows 95\/98\/ME\/2000\/XP. Kivitel: ut\u00e1nkiad\u00e1s, csak az eredeti cd, angol \u00e9s francia, olasz, spanyol, n\u00e9met, portug\u00e1l nyelv\u0171 j\u00e1t\u00e9k. CD \u00e1llapota: enyh\u00e9n karcos (hajsz\u00e1lkarcok), tesztelt, m\u0171k\u00f6dik<\/p>\n","protected":false},"featured_media":61201,"comment_status":"open","ping_status":"closed","template":"","meta":{"_et_pb_use_builder":"","_et_pb_old_content":"","_et_gb_content_width":""},"product_brand":[],"product_cat":[21,68,155],"product_tag":[],"class_list":{"0":"post-61202","1":"product","2":"type-product","3":"status-publish","4":"has-post-thumbnail","6":"product_cat-akcio","7":"product_cat-flipper","8":"product_cat-jatekok","9":"pa_allapot-hasznalt","10":"pa_kivitel-csak-a-lemezcddvdkazetta","11":"pa_nyelv-angol","12":"pa_nyelv-francia","13":"pa_nyelv-nemet","14":"pa_nyelv-olasz","15":"pa_nyelv-portugal","16":"pa_nyelv-spanyol","17":"pa_platform-pc-windows-2000","18":"pa_platform-pc-windows-95","19":"pa_platform-pc-windows-98","20":"pa_platform-pc-windows-me","21":"pa_platform-pc_windows","23":"first","24":"instock","25":"shipping-taxable","26":"purchasable","27":"product-type-simple"},"_links":{"self":[{"href":"https:\/\/www.retro-games.hu\/index.php\/wp-json\/wp\/v2\/product\/61202","targetHints":{"allow":["GET"]}}],"collection":[{"href":"https:\/\/www.retro-games.hu\/index.php\/wp-json\/wp\/v2\/product"}],"about":[{"href":"https:\/\/www.retro-games.hu\/index.php\/wp-json\/wp\/v2\/types\/product"}],"replies":[{"embeddable":true,"href":"https:\/\/www.retro-games.hu\/index.php\/wp-json\/wp\/v2\/comments?post=61202"}],"wp:featuredmedia":[{"embeddable":true,"href":"https:\/\/www.retro-games.hu\/index.php\/wp-json\/wp\/v2\/media\/61201"}],"wp:attachment":[{"href":"https:\/\/www.retro-games.hu\/index.php\/wp-json\/wp\/v2\/media?parent=61202"}],"wp:term":[{"taxonomy":"product_brand","embeddable":true,"href":"https:\/\/www.retro-games.hu\/index.php\/wp-json\/wp\/v2\/product_brand?post=61202"},{"taxonomy":"product_cat","embeddable":true,"href":"https:\/\/www.retro-games.hu\/index.php\/wp-json\/wp\/v2\/product_cat?post=61202"},{"taxonomy":"product_tag","embeddable":true,"href":"https:\/\/www.retro-games.hu\/index.php\/wp-json\/wp\/v2\/product_tag?post=61202"}],"curies":[{"name":"wp","href":"https:\/\/api.w.org\/{rel}","templated":true}]}}