{"id":61558,"date":"2025-11-03T14:29:07","date_gmt":"2025-11-03T14:29:07","guid":{"rendered":"https:\/\/www.retro-games.hu\/index.php\/termek\/disciples-iii-resurrection-uj\/"},"modified":"2025-11-03T14:29:11","modified_gmt":"2025-11-03T14:29:11","slug":"disciples-iii-resurrection-uj","status":"publish","type":"product","link":"https:\/\/www.retro-games.hu\/index.php\/termek\/disciples-iii-resurrection-uj\/","title":{"rendered":"Disciples III: Resurrection (\u00faj)"},"content":{"rendered":"<p>K\u00f6r\u00f6kre osztott strat\u00e9giai j\u00e1t\u00e9k szerepj\u00e1t\u00e9k elemekkel. Kiad\u00e1s \u00e9ve: 2010. Platform: Windows XP\/Vista\/7. Kivitel: dvd tokos k\u00fcls\u0151 kartontokban, els\u0151 kiad\u00e1s, angol feliratos bor\u00edt\u00f3, pap\u00edrk\u00e9zik\u00f6nyv (?), eredeti dvd, angol nyelv\u0171 \u00f6n\u00e1ll\u00f3an fut\u00f3 kieg\u00e9sz\u00edt\u0151 lemez, Disciples III: Renaissance alapj\u00e1t\u00e9k NEM kell hozz\u00e1. \u00daj, bontatlan. Figyelem: internetes aktiv\u00e1l\u00e1st ig\u00e9nyel.<\/p>\n","protected":false},"excerpt":{"rendered":"<p>K\u00f6r\u00f6kre osztott strat\u00e9giai j\u00e1t\u00e9k szerepj\u00e1t\u00e9k elemekkel. Kiad\u00e1s \u00e9ve: 2010. Platform: Windows XP\/Vista\/7. Kivitel: dvd tokos k\u00fcls\u0151 kartontokban, els\u0151 kiad\u00e1s, angol feliratos bor\u00edt\u00f3, pap\u00edrk\u00e9zik\u00f6nyv (?), eredeti dvd, angol nyelv\u0171 \u00f6n\u00e1ll\u00f3an fut\u00f3 kieg\u00e9sz\u00edt\u0151 lemez, Disciples III: Renaissance alapj\u00e1t\u00e9k NEM kell hozz\u00e1. \u00daj, bontatlan. Figyelem: internetes aktiv\u00e1l\u00e1st ig\u00e9nyel.<\/p>\n","protected":false},"featured_media":61557,"comment_status":"open","ping_status":"closed","template":"","meta":{"_et_pb_use_builder":"","_et_pb_old_content":"","_et_gb_content_width":""},"product_brand":[],"product_cat":[67,155,272],"product_tag":[],"class_list":{"0":"post-61558","1":"product","2":"type-product","3":"status-publish","4":"has-post-thumbnail","6":"product_cat-akcio-szerepjatek-arpg","7":"product_cat-jatekok","8":"product_cat-szerepjatek-rpg","9":"pa_allapot-uj","10":"pa_kivitel-dvd-tokos","11":"pa_nyelv-angol","12":"pa_platform-pc-windows-7","13":"pa_platform-pc-windows-vista","14":"pa_platform-pc_windows","16":"first","17":"instock","18":"shipping-taxable","19":"purchasable","20":"product-type-simple"},"_links":{"self":[{"href":"https:\/\/www.retro-games.hu\/index.php\/wp-json\/wp\/v2\/product\/61558","targetHints":{"allow":["GET"]}}],"collection":[{"href":"https:\/\/www.retro-games.hu\/index.php\/wp-json\/wp\/v2\/product"}],"about":[{"href":"https:\/\/www.retro-games.hu\/index.php\/wp-json\/wp\/v2\/types\/product"}],"replies":[{"embeddable":true,"href":"https:\/\/www.retro-games.hu\/index.php\/wp-json\/wp\/v2\/comments?post=61558"}],"wp:featuredmedia":[{"embeddable":true,"href":"https:\/\/www.retro-games.hu\/index.php\/wp-json\/wp\/v2\/media\/61557"}],"wp:attachment":[{"href":"https:\/\/www.retro-games.hu\/index.php\/wp-json\/wp\/v2\/media?parent=61558"}],"wp:term":[{"taxonomy":"product_brand","embeddable":true,"href":"https:\/\/www.retro-games.hu\/index.php\/wp-json\/wp\/v2\/product_brand?post=61558"},{"taxonomy":"product_cat","embeddable":true,"href":"https:\/\/www.retro-games.hu\/index.php\/wp-json\/wp\/v2\/product_cat?post=61558"},{"taxonomy":"product_tag","embeddable":true,"href":"https:\/\/www.retro-games.hu\/index.php\/wp-json\/wp\/v2\/product_tag?post=61558"}],"curies":[{"name":"wp","href":"https:\/\/api.w.org\/{rel}","templated":true}]}}