{"id":61585,"date":"2025-11-03T14:30:13","date_gmt":"2025-11-03T14:30:13","guid":{"rendered":"https:\/\/www.retro-games.hu\/index.php\/termek\/fury-uj\/"},"modified":"2025-11-03T14:30:19","modified_gmt":"2025-11-03T14:30:19","slug":"fury-uj","status":"publish","type":"product","link":"https:\/\/www.retro-games.hu\/index.php\/termek\/fury-uj\/","title":{"rendered":"Fury (\u00faj)"},"content":{"rendered":"<p>MMORPG (nagyon sok szerepl\u0151s online szerepj\u00e1t\u00e9k). Kiad\u00e1s \u00e9ve: 2007. Platform: Windows XP\/Vista. Kivitel: dvd tokos, els\u0151 kiad\u00e1s, angol feliratos bor\u00edt\u00f3, angol nyelv\u0171 pap\u00edrk\u00e9zik\u00f6nyv, eredeti cd angol nyelv\u0171 j\u00e1t\u00e9k. \u00daj, bontatlan, f\u00f3li\u00e1s! Megjegyz\u00e9s: Ez egy MMO, aminek m\u00e1r le\u00e1ll\u00edtott\u00e1k a szervereit, \u00edgy j\u00e1tszani nem lehet vele. Gy\u0171jtem\u00e9nybe lehet \u00e9rdekes max.<\/p>\n","protected":false},"excerpt":{"rendered":"<p>MMORPG (nagyon sok szerepl\u0151s online szerepj\u00e1t\u00e9k). Kiad\u00e1s \u00e9ve: 2007. Platform: Windows XP\/Vista. Kivitel: dvd tokos, els\u0151 kiad\u00e1s, angol feliratos bor\u00edt\u00f3, angol nyelv\u0171 pap\u00edrk\u00e9zik\u00f6nyv, eredeti cd angol nyelv\u0171 j\u00e1t\u00e9k. \u00daj, bontatlan, f\u00f3li\u00e1s! Megjegyz\u00e9s: Ez egy MMO, aminek m\u00e1r le\u00e1ll\u00edtott\u00e1k a szervereit, \u00edgy j\u00e1tszani nem lehet vele. Gy\u0171jtem\u00e9nybe lehet \u00e9rdekes max.<\/p>\n","protected":false},"featured_media":61584,"comment_status":"open","ping_status":"closed","template":"","meta":{"_et_pb_use_builder":"","_et_pb_old_content":"","_et_gb_content_width":""},"product_brand":[],"product_cat":[147,155,272],"product_tag":[],"class_list":{"0":"post-61585","1":"product","2":"type-product","3":"status-publish","4":"has-post-thumbnail","6":"product_cat-mmo","7":"product_cat-jatekok","8":"product_cat-szerepjatek-rpg","9":"pa_allapot-uj","10":"pa_kivitel-dvd-tokos","11":"pa_nyelv-angol","12":"pa_platform-pc-windows-vista","13":"pa_platform-pc_windows","15":"first","16":"instock","17":"shipping-taxable","18":"purchasable","19":"product-type-simple"},"_links":{"self":[{"href":"https:\/\/www.retro-games.hu\/index.php\/wp-json\/wp\/v2\/product\/61585","targetHints":{"allow":["GET"]}}],"collection":[{"href":"https:\/\/www.retro-games.hu\/index.php\/wp-json\/wp\/v2\/product"}],"about":[{"href":"https:\/\/www.retro-games.hu\/index.php\/wp-json\/wp\/v2\/types\/product"}],"replies":[{"embeddable":true,"href":"https:\/\/www.retro-games.hu\/index.php\/wp-json\/wp\/v2\/comments?post=61585"}],"wp:featuredmedia":[{"embeddable":true,"href":"https:\/\/www.retro-games.hu\/index.php\/wp-json\/wp\/v2\/media\/61584"}],"wp:attachment":[{"href":"https:\/\/www.retro-games.hu\/index.php\/wp-json\/wp\/v2\/media?parent=61585"}],"wp:term":[{"taxonomy":"product_brand","embeddable":true,"href":"https:\/\/www.retro-games.hu\/index.php\/wp-json\/wp\/v2\/product_brand?post=61585"},{"taxonomy":"product_cat","embeddable":true,"href":"https:\/\/www.retro-games.hu\/index.php\/wp-json\/wp\/v2\/product_cat?post=61585"},{"taxonomy":"product_tag","embeddable":true,"href":"https:\/\/www.retro-games.hu\/index.php\/wp-json\/wp\/v2\/product_tag?post=61585"}],"curies":[{"name":"wp","href":"https:\/\/api.w.org\/{rel}","templated":true}]}}