{"id":61588,"date":"2025-11-03T14:30:24","date_gmt":"2025-11-03T14:30:24","guid":{"rendered":"https:\/\/www.retro-games.hu\/index.php\/termek\/giants-pack-industry-giant-ii-gold-1980-2020-is-traffic-giant-gold-edition-transport-giant-gold-down-under-is-uj\/"},"modified":"2025-11-03T14:30:29","modified_gmt":"2025-11-03T14:30:29","slug":"giants-pack-industry-giant-ii-gold-1980-2020-is-traffic-giant-gold-edition-transport-giant-gold-down-under-is-uj","status":"publish","type":"product","link":"https:\/\/www.retro-games.hu\/index.php\/termek\/giants-pack-industry-giant-ii-gold-1980-2020-is-traffic-giant-gold-edition-transport-giant-gold-down-under-is-uj\/","title":{"rendered":"Giants Pack (Industry Giant II Gold (1980-2020 is), Traffic Giant Gold Edition, Transport Giant Gold (Down Under is)) (\u00faj)"},"content":{"rendered":"<p>\u00dczleti menedzsment j\u00e1t\u00e9kok. Kiad\u00e1s \u00e9ve: 2013. Platform: Windows 95\/98\/ME\/2000\/XP\/Vista\/7\/8. Kivitel: dvd tokos, els\u0151 kiad\u00e1s, angol feliratos bor\u00edt\u00f3, eredeti dvd, angol nyelv\u0171 j\u00e1t\u00e9kok. \u00daj, bontatlan, f\u00f3li\u00e1s!<\/p>\n","protected":false},"excerpt":{"rendered":"<p>\u00dczleti menedzsment j\u00e1t\u00e9kok. Kiad\u00e1s \u00e9ve: 2013. Platform: Windows 95\/98\/ME\/2000\/XP\/Vista\/7\/8. Kivitel: dvd tokos, els\u0151 kiad\u00e1s, angol feliratos bor\u00edt\u00f3, eredeti dvd, angol nyelv\u0171 j\u00e1t\u00e9kok. \u00daj, bontatlan, f\u00f3li\u00e1s!<\/p>\n","protected":false},"featured_media":61587,"comment_status":"open","ping_status":"closed","template":"","meta":{"_et_pb_use_builder":"","_et_pb_old_content":"","_et_gb_content_width":""},"product_brand":[],"product_cat":[155,8,81],"product_tag":[],"class_list":{"0":"post-61588","1":"product","2":"type-product","3":"status-publish","4":"has-post-thumbnail","6":"product_cat-jatekok","7":"product_cat-szimulator","8":"product_cat-uzlet-menedzsment","9":"pa_allapot-uj","10":"pa_kivitel-dvd-tokos","11":"pa_nyelv-angol","12":"pa_platform-pc-windows-2000","13":"pa_platform-pc-windows-7","14":"pa_platform-pc-windows-8","15":"pa_platform-pc-windows-95","16":"pa_platform-pc-windows-98","17":"pa_platform-pc-windows-me","18":"pa_platform-pc-windows-vista","19":"pa_platform-pc_windows","21":"first","22":"instock","23":"shipping-taxable","24":"purchasable","25":"product-type-simple"},"_links":{"self":[{"href":"https:\/\/www.retro-games.hu\/index.php\/wp-json\/wp\/v2\/product\/61588","targetHints":{"allow":["GET"]}}],"collection":[{"href":"https:\/\/www.retro-games.hu\/index.php\/wp-json\/wp\/v2\/product"}],"about":[{"href":"https:\/\/www.retro-games.hu\/index.php\/wp-json\/wp\/v2\/types\/product"}],"replies":[{"embeddable":true,"href":"https:\/\/www.retro-games.hu\/index.php\/wp-json\/wp\/v2\/comments?post=61588"}],"wp:featuredmedia":[{"embeddable":true,"href":"https:\/\/www.retro-games.hu\/index.php\/wp-json\/wp\/v2\/media\/61587"}],"wp:attachment":[{"href":"https:\/\/www.retro-games.hu\/index.php\/wp-json\/wp\/v2\/media?parent=61588"}],"wp:term":[{"taxonomy":"product_brand","embeddable":true,"href":"https:\/\/www.retro-games.hu\/index.php\/wp-json\/wp\/v2\/product_brand?post=61588"},{"taxonomy":"product_cat","embeddable":true,"href":"https:\/\/www.retro-games.hu\/index.php\/wp-json\/wp\/v2\/product_cat?post=61588"},{"taxonomy":"product_tag","embeddable":true,"href":"https:\/\/www.retro-games.hu\/index.php\/wp-json\/wp\/v2\/product_tag?post=61588"}],"curies":[{"name":"wp","href":"https:\/\/api.w.org\/{rel}","templated":true}]}}