{"id":61627,"date":"2025-11-03T14:32:00","date_gmt":"2025-11-03T14:32:00","guid":{"rendered":"https:\/\/www.retro-games.hu\/index.php\/termek\/kings-bounty-warriors-of-the-north-uj\/"},"modified":"2025-11-03T14:32:04","modified_gmt":"2025-11-03T14:32:04","slug":"kings-bounty-warriors-of-the-north-uj","status":"publish","type":"product","link":"https:\/\/www.retro-games.hu\/index.php\/termek\/kings-bounty-warriors-of-the-north-uj\/","title":{"rendered":"King&#8217;s Bounty: Warriors of the North (\u00faj)"},"content":{"rendered":"<p>K\u00f6r\u00f6kre osztott strat\u00e9giai j\u00e1t\u00e9k. Kiad\u00e1s \u00e9ve: 2012. Platform: Windows XP\/Vista\/7. Kivitel: dvd tokos, els\u0151 kiad\u00e1s, magyar\/cseh\/lengyel nyelv\u0171 bor\u00edt\u00f3, magyar\/cseh\/lengyel nyelv\u0171 r\u00f6vid ismertet\u0151, angol \u00e9s lengyel nyelv\u0171 j\u00e1t\u00e9k. \u00daj, bontatlan, f\u00f3li\u00e1s! Figyelem: ingyenes Steam fi\u00f3k \u00e9s internetes aktiv\u00e1l\u00e1s sz\u00fcks\u00e9ges a haszn\u00e1lat\u00e1hoz.<\/p>\n","protected":false},"excerpt":{"rendered":"<p>K\u00f6r\u00f6kre osztott strat\u00e9giai j\u00e1t\u00e9k. Kiad\u00e1s \u00e9ve: 2012. Platform: Windows XP\/Vista\/7. Kivitel: dvd tokos, els\u0151 kiad\u00e1s, magyar\/cseh\/lengyel nyelv\u0171 bor\u00edt\u00f3, magyar\/cseh\/lengyel nyelv\u0171 r\u00f6vid ismertet\u0151, angol \u00e9s lengyel nyelv\u0171 j\u00e1t\u00e9k. \u00daj, bontatlan, f\u00f3li\u00e1s! Figyelem: ingyenes Steam fi\u00f3k \u00e9s internetes aktiv\u00e1l\u00e1s sz\u00fcks\u00e9ges a haszn\u00e1lat\u00e1hoz.<\/p>\n","protected":false},"featured_media":61626,"comment_status":"open","ping_status":"closed","template":"","meta":{"_et_pb_use_builder":"","_et_pb_old_content":"","_et_gb_content_width":""},"product_brand":[],"product_cat":[44,155,43],"product_tag":[],"class_list":{"0":"post-61627","1":"product","2":"type-product","3":"status-publish","4":"has-post-thumbnail","6":"product_cat-korokre-osztott","7":"product_cat-jatekok","8":"product_cat-strategiai-jatek","9":"pa_allapot-uj","10":"pa_kivitel-dvd-tokos","11":"pa_nyelv-angol","12":"pa_nyelv-lengyel","13":"pa_platform-pc-windows-7","14":"pa_platform-pc-windows-vista","15":"pa_platform-pc_windows","17":"first","18":"instock","19":"shipping-taxable","20":"purchasable","21":"product-type-simple"},"_links":{"self":[{"href":"https:\/\/www.retro-games.hu\/index.php\/wp-json\/wp\/v2\/product\/61627","targetHints":{"allow":["GET"]}}],"collection":[{"href":"https:\/\/www.retro-games.hu\/index.php\/wp-json\/wp\/v2\/product"}],"about":[{"href":"https:\/\/www.retro-games.hu\/index.php\/wp-json\/wp\/v2\/types\/product"}],"replies":[{"embeddable":true,"href":"https:\/\/www.retro-games.hu\/index.php\/wp-json\/wp\/v2\/comments?post=61627"}],"wp:featuredmedia":[{"embeddable":true,"href":"https:\/\/www.retro-games.hu\/index.php\/wp-json\/wp\/v2\/media\/61626"}],"wp:attachment":[{"href":"https:\/\/www.retro-games.hu\/index.php\/wp-json\/wp\/v2\/media?parent=61627"}],"wp:term":[{"taxonomy":"product_brand","embeddable":true,"href":"https:\/\/www.retro-games.hu\/index.php\/wp-json\/wp\/v2\/product_brand?post=61627"},{"taxonomy":"product_cat","embeddable":true,"href":"https:\/\/www.retro-games.hu\/index.php\/wp-json\/wp\/v2\/product_cat?post=61627"},{"taxonomy":"product_tag","embeddable":true,"href":"https:\/\/www.retro-games.hu\/index.php\/wp-json\/wp\/v2\/product_tag?post=61627"}],"curies":[{"name":"wp","href":"https:\/\/api.w.org\/{rel}","templated":true}]}}