{"id":61630,"date":"2025-11-03T14:32:08","date_gmt":"2025-11-03T14:32:08","guid":{"rendered":"https:\/\/www.retro-games.hu\/index.php\/termek\/kings-quest-adventures-of-graham-2015-uj-the-complete-collection\/"},"modified":"2025-11-03T14:32:12","modified_gmt":"2025-11-03T14:32:12","slug":"kings-quest-adventures-of-graham-2015-uj-the-complete-collection","status":"publish","type":"product","link":"https:\/\/www.retro-games.hu\/index.php\/termek\/kings-quest-adventures-of-graham-2015-uj-the-complete-collection\/","title":{"rendered":"King&#8217;s Quest: Adventures of Graham (2015) (\u00faj) (The Complete Collection)"},"content":{"rendered":"<p>Akci\u00f3-kalandj\u00e1t\u00e9k. Kiad\u00e1s \u00e9ve: 2015. Platform: Windows XP\/Vista\/7\/8. Kivitel: dvd tokos, els\u0151 kiad\u00e1s, angol feliratos bor\u00edt\u00f3, eredeti dvd, angol, francia, n\u00e9met nyelv\u0171 j\u00e1t\u00e9k. Tartalma: a King&#8217;s Quest 2015-\u00f6s verzi\u00f3j\u00e1nak 5 fejezete. Figyelem! Internetkapcsolat \u00e9s ingyenes Steam-fi\u00f3k sz\u00fcks\u00e9ges hozz\u00e1, \u00e9s aktiv\u00e1lni kell els\u0151 haszn\u00e1lat el\u0151tt. \u00daj, bontatlan, f\u00f3li\u00e1s!<\/p>\n","protected":false},"excerpt":{"rendered":"<p>Akci\u00f3-kalandj\u00e1t\u00e9k. Kiad\u00e1s \u00e9ve: 2015. Platform: Windows XP\/Vista\/7\/8. Kivitel: dvd tokos, els\u0151 kiad\u00e1s, angol feliratos bor\u00edt\u00f3, eredeti dvd, angol, francia, n\u00e9met nyelv\u0171 j\u00e1t\u00e9k. Tartalma: a King&#8217;s Quest 2015-\u00f6s verzi\u00f3j\u00e1nak 5 fejezete. Figyelem! Internetkapcsolat \u00e9s ingyenes Steam-fi\u00f3k sz\u00fcks\u00e9ges hozz\u00e1, \u00e9s aktiv\u00e1lni kell els\u0151 haszn\u00e1lat el\u0151tt. \u00daj, bontatlan, f\u00f3li\u00e1s!<\/p>\n","protected":false},"featured_media":61629,"comment_status":"open","ping_status":"closed","template":"","meta":{"_et_pb_use_builder":"","_et_pb_old_content":"","_et_gb_content_width":""},"product_brand":[],"product_cat":[26,25,155],"product_tag":[],"class_list":{"0":"post-61630","1":"product","2":"type-product","3":"status-publish","4":"has-post-thumbnail","6":"product_cat-akcio-kalandjatek","7":"product_cat-kaland","8":"product_cat-jatekok","9":"pa_allapot-uj","10":"pa_kivitel-dvd-tokos","11":"pa_nyelv-angol","12":"pa_nyelv-francia","13":"pa_nyelv-nemet","14":"pa_platform-pc-windows-7","15":"pa_platform-pc-windows-8","16":"pa_platform-pc-windows-vista","17":"pa_platform-pc_windows","19":"first","20":"instock","21":"shipping-taxable","22":"purchasable","23":"product-type-simple"},"_links":{"self":[{"href":"https:\/\/www.retro-games.hu\/index.php\/wp-json\/wp\/v2\/product\/61630","targetHints":{"allow":["GET"]}}],"collection":[{"href":"https:\/\/www.retro-games.hu\/index.php\/wp-json\/wp\/v2\/product"}],"about":[{"href":"https:\/\/www.retro-games.hu\/index.php\/wp-json\/wp\/v2\/types\/product"}],"replies":[{"embeddable":true,"href":"https:\/\/www.retro-games.hu\/index.php\/wp-json\/wp\/v2\/comments?post=61630"}],"wp:featuredmedia":[{"embeddable":true,"href":"https:\/\/www.retro-games.hu\/index.php\/wp-json\/wp\/v2\/media\/61629"}],"wp:attachment":[{"href":"https:\/\/www.retro-games.hu\/index.php\/wp-json\/wp\/v2\/media?parent=61630"}],"wp:term":[{"taxonomy":"product_brand","embeddable":true,"href":"https:\/\/www.retro-games.hu\/index.php\/wp-json\/wp\/v2\/product_brand?post=61630"},{"taxonomy":"product_cat","embeddable":true,"href":"https:\/\/www.retro-games.hu\/index.php\/wp-json\/wp\/v2\/product_cat?post=61630"},{"taxonomy":"product_tag","embeddable":true,"href":"https:\/\/www.retro-games.hu\/index.php\/wp-json\/wp\/v2\/product_tag?post=61630"}],"curies":[{"name":"wp","href":"https:\/\/api.w.org\/{rel}","templated":true}]}}