{"id":62161,"date":"2025-11-03T14:54:44","date_gmt":"2025-11-03T14:54:44","guid":{"rendered":"https:\/\/www.retro-games.hu\/index.php\/termek\/blood-bowl\/"},"modified":"2025-11-03T14:54:51","modified_gmt":"2025-11-03T14:54:51","slug":"blood-bowl","status":"publish","type":"product","link":"https:\/\/www.retro-games.hu\/index.php\/termek\/blood-bowl\/","title":{"rendered":"Blood Bowl"},"content":{"rendered":"<p>Akci\u00f3\/strat\u00e9giai j\u00e1t\u00e9k. Kiad\u00e1s \u00e9ve: 2010. Platform: Windows XP\/Vista. Kivitel: dvd tokos, LV kiad\u00e1s, magyar feliratos bor\u00edt\u00f3, magyar nyelv\u0171 pap\u00edrk\u00e9zik\u00f6nyv, eredeti dvd, magyar feliratos (\u00e9s cseh\/lengyel feliratos) j\u00e1t\u00e9k. DVD \u00e1llapota: szinte karcmentes, tesztelt, m\u0171k\u00f6dik. Figyelem! Online aktiv\u00e1l\u00e1s sz\u00fcks\u00e9ges a j\u00e1t\u00e9khoz, max. 5 g\u00e9pre telep\u00edthet\u0151, m\u00e9g nincs elhaszn\u00e1lva az \u00f6sszes.<\/p>\n","protected":false},"excerpt":{"rendered":"<p>Akci\u00f3\/strat\u00e9giai j\u00e1t\u00e9k. Kiad\u00e1s \u00e9ve: 2010. Platform: Windows XP\/Vista. Kivitel: dvd tokos, LV kiad\u00e1s, magyar feliratos bor\u00edt\u00f3, magyar nyelv\u0171 pap\u00edrk\u00e9zik\u00f6nyv, eredeti dvd, magyar feliratos (\u00e9s cseh\/lengyel feliratos) j\u00e1t\u00e9k. DVD \u00e1llapota: szinte karcmentes, tesztelt, m\u0171k\u00f6dik. Figyelem! Online aktiv\u00e1l\u00e1s sz\u00fcks\u00e9ges a j\u00e1t\u00e9khoz, max. 5 g\u00e9pre telep\u00edthet\u0151, m\u00e9g nincs elhaszn\u00e1lva az \u00f6sszes.<\/p>\n","protected":false},"featured_media":62160,"comment_status":"open","ping_status":"closed","template":"","meta":{"_et_pb_use_builder":"","_et_pb_old_content":"","_et_gb_content_width":""},"product_brand":[],"product_cat":[143,155,43],"product_tag":[],"class_list":{"0":"post-62161","1":"product","2":"type-product","3":"status-publish","4":"has-post-thumbnail","6":"product_cat-akcio-strategia","7":"product_cat-jatekok","8":"product_cat-strategiai-jatek","9":"pa_allapot-hasznalt","10":"pa_kivitel-dvd-tokos","11":"pa_nyelv-cseh","12":"pa_nyelv-lengyel","13":"pa_nyelv-magyar-feliratos","14":"pa_platform-pc-windows-vista","15":"pa_platform-pc_windows","17":"first","18":"instock","19":"shipping-taxable","20":"purchasable","21":"product-type-simple"},"_links":{"self":[{"href":"https:\/\/www.retro-games.hu\/index.php\/wp-json\/wp\/v2\/product\/62161","targetHints":{"allow":["GET"]}}],"collection":[{"href":"https:\/\/www.retro-games.hu\/index.php\/wp-json\/wp\/v2\/product"}],"about":[{"href":"https:\/\/www.retro-games.hu\/index.php\/wp-json\/wp\/v2\/types\/product"}],"replies":[{"embeddable":true,"href":"https:\/\/www.retro-games.hu\/index.php\/wp-json\/wp\/v2\/comments?post=62161"}],"wp:featuredmedia":[{"embeddable":true,"href":"https:\/\/www.retro-games.hu\/index.php\/wp-json\/wp\/v2\/media\/62160"}],"wp:attachment":[{"href":"https:\/\/www.retro-games.hu\/index.php\/wp-json\/wp\/v2\/media?parent=62161"}],"wp:term":[{"taxonomy":"product_brand","embeddable":true,"href":"https:\/\/www.retro-games.hu\/index.php\/wp-json\/wp\/v2\/product_brand?post=62161"},{"taxonomy":"product_cat","embeddable":true,"href":"https:\/\/www.retro-games.hu\/index.php\/wp-json\/wp\/v2\/product_cat?post=62161"},{"taxonomy":"product_tag","embeddable":true,"href":"https:\/\/www.retro-games.hu\/index.php\/wp-json\/wp\/v2\/product_tag?post=62161"}],"curies":[{"name":"wp","href":"https:\/\/api.w.org\/{rel}","templated":true}]}}