{"id":63997,"date":"2025-11-03T16:21:43","date_gmt":"2025-11-03T16:21:43","guid":{"rendered":"https:\/\/www.retro-games.hu\/index.php\/termek\/majesty-anthology-1-2-osszes-kieg\/"},"modified":"2025-11-03T16:21:50","modified_gmt":"2025-11-03T16:21:50","slug":"majesty-anthology-1-2-osszes-kieg","status":"publish","type":"product","link":"https:\/\/www.retro-games.hu\/index.php\/termek\/majesty-anthology-1-2-osszes-kieg\/","title":{"rendered":"Majesty Anthology (1 + 2 + \u00f6sszes kieg)"},"content":{"rendered":"<p>Val\u00f3sidej\u0171 strat\u00e9giai j\u00e1t\u00e9kok. Kiad\u00e1s \u00e9ve: 2011. Platform: Windows XP\/Vista. Kivitel: Majesty + Northern kieg., Majesty 2: The Fantasy Kingdom Sim + Kingmaker, Monster Kingdom \u00e9s Battles of Ardania kieg\u00e9sz\u00edt\u0151k. dvd tokos, els\u0151 gy\u0171jtem\u00e9nyes kiad\u00e1s, angol\/lengyel feliratos bor\u00edt\u00f3,  angol\/lengyel nyelv\u0171 r\u00f6vid pap\u00edrk\u00e9zik\u00f6nyvek, eredeti 2 dvd, angol \u00e9s lengyel nyelv\u0171 j\u00e1t\u00e9kgy\u0171jtem\u00e9ny. DVD \u00e1llapota: enyh\u00e9n karcos (hajsz\u00e1lkarcok), tesztelt, m\u0171k\u00f6dik.<\/p>\n","protected":false},"excerpt":{"rendered":"<p>Val\u00f3sidej\u0171 strat\u00e9giai j\u00e1t\u00e9kok. Kiad\u00e1s \u00e9ve: 2011. Platform: Windows XP\/Vista. Kivitel: Majesty + Northern kieg., Majesty 2: The Fantasy Kingdom Sim + Kingmaker, Monster Kingdom \u00e9s Battles of Ardania kieg\u00e9sz\u00edt\u0151k. dvd tokos, els\u0151 gy\u0171jtem\u00e9nyes kiad\u00e1s, angol\/lengyel feliratos bor\u00edt\u00f3, angol\/lengyel nyelv\u0171 r\u00f6vid pap\u00edrk\u00e9zik\u00f6nyvek, eredeti 2 dvd, angol \u00e9s lengyel nyelv\u0171 j\u00e1t\u00e9kgy\u0171jtem\u00e9ny. DVD \u00e1llapota: enyh\u00e9n karcos (hajsz\u00e1lkarcok), tesztelt, [&hellip;]<\/p>\n","protected":false},"featured_media":63996,"comment_status":"open","ping_status":"closed","template":"","meta":{"_et_pb_use_builder":"","_et_pb_old_content":"","_et_gb_content_width":""},"product_brand":[],"product_cat":[155,43,47],"product_tag":[],"class_list":{"0":"post-63997","1":"product","2":"type-product","3":"status-publish","4":"has-post-thumbnail","6":"product_cat-jatekok","7":"product_cat-strategiai-jatek","8":"product_cat-valos-ideju-rts","9":"pa_allapot-hasznalt","10":"pa_kivitel-dvd-tokos","11":"pa_nyelv-angol","12":"pa_nyelv-lengyel","13":"pa_platform-pc-windows-vista","14":"pa_platform-pc_windows","16":"first","17":"instock","18":"shipping-taxable","19":"purchasable","20":"product-type-simple"},"_links":{"self":[{"href":"https:\/\/www.retro-games.hu\/index.php\/wp-json\/wp\/v2\/product\/63997","targetHints":{"allow":["GET"]}}],"collection":[{"href":"https:\/\/www.retro-games.hu\/index.php\/wp-json\/wp\/v2\/product"}],"about":[{"href":"https:\/\/www.retro-games.hu\/index.php\/wp-json\/wp\/v2\/types\/product"}],"replies":[{"embeddable":true,"href":"https:\/\/www.retro-games.hu\/index.php\/wp-json\/wp\/v2\/comments?post=63997"}],"wp:featuredmedia":[{"embeddable":true,"href":"https:\/\/www.retro-games.hu\/index.php\/wp-json\/wp\/v2\/media\/63996"}],"wp:attachment":[{"href":"https:\/\/www.retro-games.hu\/index.php\/wp-json\/wp\/v2\/media?parent=63997"}],"wp:term":[{"taxonomy":"product_brand","embeddable":true,"href":"https:\/\/www.retro-games.hu\/index.php\/wp-json\/wp\/v2\/product_brand?post=63997"},{"taxonomy":"product_cat","embeddable":true,"href":"https:\/\/www.retro-games.hu\/index.php\/wp-json\/wp\/v2\/product_cat?post=63997"},{"taxonomy":"product_tag","embeddable":true,"href":"https:\/\/www.retro-games.hu\/index.php\/wp-json\/wp\/v2\/product_tag?post=63997"}],"curies":[{"name":"wp","href":"https:\/\/api.w.org\/{rel}","templated":true}]}}