{"id":65189,"date":"2025-11-03T17:20:13","date_gmt":"2025-11-03T17:20:13","guid":{"rendered":"https:\/\/www.retro-games.hu\/index.php\/termek\/simcity-societies-tarsadalmak\/"},"modified":"2025-11-03T17:20:20","modified_gmt":"2025-11-03T17:20:20","slug":"simcity-societies-tarsadalmak","status":"publish","type":"product","link":"https:\/\/www.retro-games.hu\/index.php\/termek\/simcity-societies-tarsadalmak\/","title":{"rendered":"SimCity Societies (T\u00e1rsadalmak)"},"content":{"rendered":"<p>V\u00e1ros\u00e9p\u00edt\u0151 strat\u00e9giai j\u00e1t\u00e9k. Kiad\u00e1s \u00e9ve: 2007. Platform: Windows XP\/Vista. Kivitel: dvd tokos, els\u0151 kiad\u00e1s, angol feliratos bor\u00edt\u00f3, angol nyelv\u0171 pap\u00edrk\u00e9zik\u00f6nyv, eredeti dvd, magyar feliratos \u00e9s angol, n\u00e9met, francia, olasz, spanyol, holland, portug\u00e1l, braz\u00edliai portug\u00e1l, d\u00e1n, finn, norv\u00e9g, sv\u00e9d, g\u00f6r\u00f6g, cseh, lengyel, orosz nyelv\u0171 j\u00e1t\u00e9k. DVD \u00e1llapota: enyh\u00e9n karcos (hajsz\u00e1lkarcok), tesztelt, m\u0171k\u00f6dik<\/p>\n","protected":false},"excerpt":{"rendered":"<p>V\u00e1ros\u00e9p\u00edt\u0151 strat\u00e9giai j\u00e1t\u00e9k. Kiad\u00e1s \u00e9ve: 2007. Platform: Windows XP\/Vista. Kivitel: dvd tokos, els\u0151 kiad\u00e1s, angol feliratos bor\u00edt\u00f3, angol nyelv\u0171 pap\u00edrk\u00e9zik\u00f6nyv, eredeti dvd, magyar feliratos \u00e9s angol, n\u00e9met, francia, olasz, spanyol, holland, portug\u00e1l, braz\u00edliai portug\u00e1l, d\u00e1n, finn, norv\u00e9g, sv\u00e9d, g\u00f6r\u00f6g, cseh, lengyel, orosz nyelv\u0171 j\u00e1t\u00e9k. DVD \u00e1llapota: enyh\u00e9n karcos (hajsz\u00e1lkarcok), tesztelt, m\u0171k\u00f6dik<\/p>\n","protected":false},"featured_media":65188,"comment_status":"open","ping_status":"closed","template":"","meta":{"_et_pb_use_builder":"","_et_pb_old_content":"","_et_gb_content_width":""},"product_brand":[],"product_cat":[155,43,117],"product_tag":[],"class_list":{"0":"post-65189","1":"product","2":"type-product","3":"status-publish","4":"has-post-thumbnail","6":"product_cat-jatekok","7":"product_cat-strategiai-jatek","8":"product_cat-varosepito","9":"pa_allapot-hasznalt","10":"pa_kivitel-dvd-tokos","11":"pa_nyelv-angol","12":"pa_nyelv-braziliai-portugal","13":"pa_nyelv-cseh","14":"pa_nyelv-dan","15":"pa_nyelv-finn","16":"pa_nyelv-francia","17":"pa_nyelv-gorog","18":"pa_nyelv-holland","19":"pa_nyelv-lengyel","20":"pa_nyelv-magyar-feliratos","21":"pa_nyelv-nemet","22":"pa_nyelv-norveg","23":"pa_nyelv-olasz","24":"pa_nyelv-orosz","25":"pa_nyelv-portugal","26":"pa_nyelv-spanyol","27":"pa_nyelv-sved","28":"pa_platform-pc-windows-vista","29":"pa_platform-pc_windows","31":"first","32":"instock","33":"shipping-taxable","34":"purchasable","35":"product-type-simple"},"_links":{"self":[{"href":"https:\/\/www.retro-games.hu\/index.php\/wp-json\/wp\/v2\/product\/65189","targetHints":{"allow":["GET"]}}],"collection":[{"href":"https:\/\/www.retro-games.hu\/index.php\/wp-json\/wp\/v2\/product"}],"about":[{"href":"https:\/\/www.retro-games.hu\/index.php\/wp-json\/wp\/v2\/types\/product"}],"replies":[{"embeddable":true,"href":"https:\/\/www.retro-games.hu\/index.php\/wp-json\/wp\/v2\/comments?post=65189"}],"wp:featuredmedia":[{"embeddable":true,"href":"https:\/\/www.retro-games.hu\/index.php\/wp-json\/wp\/v2\/media\/65188"}],"wp:attachment":[{"href":"https:\/\/www.retro-games.hu\/index.php\/wp-json\/wp\/v2\/media?parent=65189"}],"wp:term":[{"taxonomy":"product_brand","embeddable":true,"href":"https:\/\/www.retro-games.hu\/index.php\/wp-json\/wp\/v2\/product_brand?post=65189"},{"taxonomy":"product_cat","embeddable":true,"href":"https:\/\/www.retro-games.hu\/index.php\/wp-json\/wp\/v2\/product_cat?post=65189"},{"taxonomy":"product_tag","embeddable":true,"href":"https:\/\/www.retro-games.hu\/index.php\/wp-json\/wp\/v2\/product_tag?post=65189"}],"curies":[{"name":"wp","href":"https:\/\/api.w.org\/{rel}","templated":true}]}}