{"id":68809,"date":"2026-03-05T13:43:01","date_gmt":"2026-03-05T13:43:01","guid":{"rendered":"https:\/\/www.retro-games.hu\/index.php\/termek\/neighbours-from-hell-revenge-is-a-sweet-game\/"},"modified":"2026-03-05T13:43:13","modified_gmt":"2026-03-05T13:43:13","slug":"neighbours-from-hell-revenge-is-a-sweet-game","status":"publish","type":"product","link":"https:\/\/www.retro-games.hu\/index.php\/termek\/neighbours-from-hell-revenge-is-a-sweet-game\/","title":{"rendered":"Neighbours From Hell: Revenge is a Sweet Game"},"content":{"rendered":"<p>Akci\u00f3-strat\u00e9giai j\u00e1t\u00e9k. Kiad\u00e1s \u00e9ve: 2003. Platform: Windows XP. Kivitel: dvd tokos, Mega Games kiad\u00e1s, magyar feliratos bor\u00edt\u00f3, eredeti dvd, angol nyelv\u0171 j\u00e1t\u00e9k. DVD \u00e1llapota: karcmentes, \u00fajnak t\u0171nik.<\/p>\n","protected":false},"excerpt":{"rendered":"<p>Akci\u00f3-strat\u00e9giai j\u00e1t\u00e9k. Kiad\u00e1s \u00e9ve: 2003. Platform: Windows XP. Kivitel: dvd tokos, Mega Games kiad\u00e1s, magyar feliratos bor\u00edt\u00f3, eredeti dvd, angol nyelv\u0171 j\u00e1t\u00e9k. DVD \u00e1llapota: karcmentes, \u00fajnak t\u0171nik.<\/p>\n","protected":false},"featured_media":68808,"comment_status":"open","ping_status":"closed","template":"","meta":{"_et_pb_use_builder":"","_et_pb_old_content":"","_et_gb_content_width":""},"product_brand":[],"product_cat":[143,155,43],"product_tag":[],"class_list":{"0":"post-68809","1":"product","2":"type-product","3":"status-publish","4":"has-post-thumbnail","6":"product_cat-akcio-strategia","7":"product_cat-jatekok","8":"product_cat-strategiai-jatek","9":"pa_allapot-hasznalt","10":"pa_kivitel-dvd-tokos","11":"pa_nyelv-angol","12":"pa_platform-pc_windows","14":"first","15":"instock","16":"shipping-taxable","17":"purchasable","18":"product-type-simple"},"_links":{"self":[{"href":"https:\/\/www.retro-games.hu\/index.php\/wp-json\/wp\/v2\/product\/68809","targetHints":{"allow":["GET"]}}],"collection":[{"href":"https:\/\/www.retro-games.hu\/index.php\/wp-json\/wp\/v2\/product"}],"about":[{"href":"https:\/\/www.retro-games.hu\/index.php\/wp-json\/wp\/v2\/types\/product"}],"replies":[{"embeddable":true,"href":"https:\/\/www.retro-games.hu\/index.php\/wp-json\/wp\/v2\/comments?post=68809"}],"wp:featuredmedia":[{"embeddable":true,"href":"https:\/\/www.retro-games.hu\/index.php\/wp-json\/wp\/v2\/media\/68808"}],"wp:attachment":[{"href":"https:\/\/www.retro-games.hu\/index.php\/wp-json\/wp\/v2\/media?parent=68809"}],"wp:term":[{"taxonomy":"product_brand","embeddable":true,"href":"https:\/\/www.retro-games.hu\/index.php\/wp-json\/wp\/v2\/product_brand?post=68809"},{"taxonomy":"product_cat","embeddable":true,"href":"https:\/\/www.retro-games.hu\/index.php\/wp-json\/wp\/v2\/product_cat?post=68809"},{"taxonomy":"product_tag","embeddable":true,"href":"https:\/\/www.retro-games.hu\/index.php\/wp-json\/wp\/v2\/product_tag?post=68809"}],"curies":[{"name":"wp","href":"https:\/\/api.w.org\/{rel}","templated":true}]}}